{"id":10384,"date":"2015-06-19T15:13:32","date_gmt":"2015-06-19T15:13:32","guid":{"rendered":"http:\/\/www.defensoria.se.def.br\/?page_id=10384"},"modified":"2024-09-05T10:37:31","modified_gmt":"2024-09-05T13:37:31","slug":"ano-2013","status":"publish","type":"page","link":"https:\/\/www.defensoria.se.def.br\/?page_id=10384","title":{"rendered":"Ano 2013"},"content":{"rendered":"<p style=\"text-align: center;\"><span style=\"font-size: medium;\"><strong><em>Clique no n\u00famero do Edital no texto\u00a0e fa\u00e7a o\u00a0Download<\/em><\/strong><\/span><\/p>\n<div style=\"text-align: center;\"><span style=\"font-size: medium;\"><strong><em>\u00a0<\/em><\/strong><\/span><\/div>\n<p style=\"text-align: center;\"><strong style=\"color: #0000ff; font-size: medium;\">ANO 2013<\/strong><\/p>\n<p>&nbsp;<\/p>\n<p><span style=\"font-size: medium;\"><strong>ESTUDANTES DOS CURSOS:\u00a0PSICOLOGIA, CI\u00caNCIAS CONT\u00c1BEIS, JORNALISMO, \u00a0SERVI\u00c7O SOCIAL, DIREITO E ADMINISTRA\u00c7\u00c3O\u00a0<\/strong><\/span><\/p>\n<p><span style=\"font-size: medium;\">\u00a0<\/span><\/p>\n<p><span style=\"font-size: medium;\">A Defensoria P\u00fablica do Estado de Sergipe lan\u00e7ou Edital n\u00ba 001\/2013 para o provimento de 50 vagas mais a forma\u00e7\u00e3o de cadastro reserva de est\u00e1gio remunerado. Poder\u00e1 concorrer o candidato que estiver matriculado a partir do 5\u00ba per\u00edodo dos cursos que exijam prazo de cinco anos e 3\u00ba per\u00edodo para cursos com quatro anos, at\u00e9 a data da posse. O estudante vai desempenhar as atividades nas unidades da Defensoria P\u00fablica, localizadas no munic\u00edpio de Aracaju. \u00a0Ser\u00e3o ofertadas 24 vagas para alunos do curso de direito, 10 administra\u00e7\u00e3o, 5 servi\u00e7o social, 8 psicologia, 2 jornalismo e 1 ci\u00eancias cont\u00e1beis. Valor da Bolsa de Incentivo: R$ 415,00.\u00a0<\/span><\/p>\n<p><span style=\"font-size: medium;\"><a href=\"http:\/\/www.defensoria.se.def.br\/?attachment_id=12730\" target=\"_blank\" rel=\"noopener\"><strong>Edital 001.2013 &#8211; CSE<\/strong> &#8211;<\/a>\u00a0Abertura das Inscri\u00e7\u00f5es.<\/span><\/p>\n<p>&nbsp;<\/p>\n<p><strong><a href=\"http:\/\/www.defensoria.se.def.br\/?attachment_id=12731\" target=\"_blank\" rel=\"noopener\">Edital 002.2013 &#8211; CSE &#8211;<\/a><\/strong>\u00a0Prorroga\u00e7\u00e3o das Inscri\u00e7\u00f5es.<\/p>\n<p>&nbsp;<\/p>\n<p><strong><a href=\"http:\/\/www.defensoria.se.def.br\/?attachment_id=12732\" target=\"_blank\" rel=\"noopener\">Edital 003.2013 &#8211; CSE &#8211;<\/a><\/strong>\u00a0\u00a0Deferimento das Inscri\u00e7\u00f5es.<\/p>\n<p>&nbsp;<\/p>\n<p><strong><a href=\"http:\/\/www.defensoria.se.def.br\/?attachment_id=12733\" target=\"_blank\" rel=\"noopener\">Edital 004.2013 &#8211; CSE &#8211;<\/a><\/strong>\u00a0\u00a0Local e Data da Prova.<\/p>\n<p>&nbsp;<\/p>\n<p><strong><a href=\"http:\/\/www.defensoria.se.def.br\/?attachment_id=12734\" target=\"_blank\" rel=\"noopener\">Edital 005.2013 &#8211; CSE &#8211;<\/a><\/strong>\u00a0\u00a0Gabarito Preliminar.<\/p>\n<p>&nbsp;<\/p>\n<p><strong><a href=\"http:\/\/www.defensoria.se.def.br\/?attachment_id=12735\" target=\"_blank\" rel=\"noopener\">Edital 006.2013 &#8211; CSE &#8211;<\/a><\/strong>\u00a0\u00a0Torna sem Efeito o Edital 005.13 e Gabarito Preliminar.<\/p>\n<p>&nbsp;<\/p>\n<p><strong><a href=\"http:\/\/www.defensoria.se.def.br\/?attachment_id=12728\" target=\"_blank\" rel=\"noopener\">Edital 007.2013 &#8211; CSE &#8211;<\/a><\/strong>\u00a0Local e Data da Prova.<\/p>\n<p>&nbsp;<\/p>\n<p><strong><a href=\"http:\/\/www.defensoria.se.def.br\/?attachment_id=12729\" target=\"_blank\" rel=\"noopener\">Edital 008.2013 &#8211; CSE &#8211;<\/a><\/strong>\u00a0\u00a0Gabarito Preliminar.<\/p>\n<p>&nbsp;<\/p>\n<p><strong><a href=\"http:\/\/www.defensoria.se.def.br\/?attachment_id=12736\" target=\"_blank\" rel=\"noopener\">Edital 009.2013 &#8211; CSE &#8211;<\/a><\/strong>\u00a0\u00a0Classifica\u00e7\u00e3o Provis\u00f3ria.<\/p>\n<p>&nbsp;<\/p>\n<p style=\"text-align: left;\"><span style=\"font-size: medium;\"><span style=\"color: #0000ff;\"><strong><a href=\"http:\/\/www.defensoria.se.def.br\/wp-content\/uploads\/2012\/06\/Edital-010.2013-CSE.pdf\"><span style=\"color: #0000ff;\">Edital 010.2013 &#8211; CSE<\/span><\/a>\u00a0<\/strong>&#8211;<\/span>\u00a0Classifica\u00e7\u00e3o provis\u00f3ria dos aprovados em Direito, Psicologia e Servi\u00e7o Social.<\/span><\/p>\n<p style=\"text-align: left;\" align=\"center\"><span style=\"font-size: medium;\">\u00a0<\/span><\/p>\n<p style=\"text-align: left;\" align=\"center\"><span style=\"font-size: medium;\"><strong><span style=\"color: #0000ff;\"><a href=\"http:\/\/www.defensoria.se.def.br\/wp-content\/uploads\/2012\/06\/Edital-011.2013-CSE.pdf\"><span style=\"color: #0000ff;\">Edital 011.2013 &#8211; CSE<\/span><\/a>\u00a0&#8211;<\/span>\u00a0<\/strong>Rela\u00e7\u00e3o definitiva dos aprovados nos cursos de Jornalismo, Ci\u00eancias Cont\u00e1veis e Administra\u00e7\u00e3o.<\/span><\/p>\n<p style=\"text-align: left;\" align=\"center\"><span style=\"font-size: medium;\">\u00a0<\/span><\/p>\n<p style=\"text-align: left;\" align=\"center\"><span style=\"font-size: medium;\"><span style=\"color: #ff0000;\"><span style=\"color: #0000ff;\"><strong><a href=\"http:\/\/www.defensoria.se.def.br\/wp-content\/uploads\/2012\/06\/Edital-012.2013-CSE.pdf\"><span style=\"color: #0000ff;\">Edital 012.2013 &#8211; CSE<\/span><\/a><\/strong><\/span>\u00a0<\/span>&#8211; Rela\u00e7\u00e3o definitiva dos aprovados nos cursos de Direito, Psicologia e Servi\u00e7o Social.\u00a0<\/span><\/p>\n<p align=\"center\"><span style=\"font-size: medium;\">\u00a0<\/span><\/p>\n","protected":false},"excerpt":{"rendered":"<p>Clique no n\u00famero do Edital no texto\u00a0e fa\u00e7a o\u00a0Download \u00a0 ANO 2013 &nbsp; ESTUDANTES DOS CURSOS:\u00a0PSICOLOGIA, CI\u00caNCIAS CONT\u00c1BEIS, JORNALISMO, \u00a0SERVI\u00c7O SOCIAL, DIREITO E ADMINISTRA\u00c7\u00c3O\u00a0 \u00a0 A Defensoria P\u00fablica do Estado de Sergipe lan\u00e7ou Edital n\u00ba 001\/2013 para o provimento de 50 vagas mais a forma\u00e7\u00e3o de cadastro reserva de est\u00e1gio remunerado. Poder\u00e1 concorrer o candidato &hellip;<\/p>\n<p class=\"read-more\"> <a class=\"\" href=\"https:\/\/www.defensoria.se.def.br\/?page_id=10384\"> <span class=\"screen-reader-text\">Ano 2013<\/span> Read More &raquo;<\/a><\/p>\n","protected":false},"author":9,"featured_media":0,"parent":21376,"menu_order":0,"comment_status":"closed","ping_status":"closed","template":"","meta":{"_eb_attr":"","_uag_custom_page_level_css":"","site-sidebar-layout":"default","site-content-layout":"","ast-site-content-layout":"","site-content-style":"default","site-sidebar-style":"default","ast-global-header-display":"","ast-banner-title-visibility":"","ast-main-header-display":"","ast-hfb-above-header-display":"","ast-hfb-below-header-display":"","ast-hfb-mobile-header-display":"","site-post-title":"","ast-breadcrumbs-content":"","ast-featured-img":"","footer-sml-layout":"","theme-transparent-header-meta":"","adv-header-id-meta":"","stick-header-meta":"","header-above-stick-meta":"","header-main-stick-meta":"","header-below-stick-meta":"","astra-migrate-meta-layouts":"","footnotes":""},"class_list":["post-10384","page","type-page","status-publish","hentry"],"uagb_featured_image_src":{"full":false,"thumbnail":false,"medium":false,"medium_large":false,"large":false,"1536x1536":false,"2048x2048":false},"uagb_author_info":{"display_name":"alexandre.ramos","author_link":"https:\/\/www.defensoria.se.def.br\/?author=9"},"uagb_comment_info":0,"uagb_excerpt":"Clique no n\u00famero do Edital no texto\u00a0e fa\u00e7a o\u00a0Download \u00a0 ANO 2013 &nbsp; ESTUDANTES DOS CURSOS:\u00a0PSICOLOGIA, CI\u00caNCIAS CONT\u00c1BEIS, JORNALISMO, \u00a0SERVI\u00c7O SOCIAL, DIREITO E ADMINISTRA\u00c7\u00c3O\u00a0 \u00a0 A Defensoria P\u00fablica do Estado de Sergipe lan\u00e7ou Edital n\u00ba 001\/2013 para o provimento de 50 vagas mais a forma\u00e7\u00e3o de cadastro reserva de est\u00e1gio remunerado. Poder\u00e1 concorrer o candidato&hellip;","_links":{"self":[{"href":"https:\/\/www.defensoria.se.def.br\/index.php?rest_route=\/wp\/v2\/pages\/10384"}],"collection":[{"href":"https:\/\/www.defensoria.se.def.br\/index.php?rest_route=\/wp\/v2\/pages"}],"about":[{"href":"https:\/\/www.defensoria.se.def.br\/index.php?rest_route=\/wp\/v2\/types\/page"}],"author":[{"embeddable":true,"href":"https:\/\/www.defensoria.se.def.br\/index.php?rest_route=\/wp\/v2\/users\/9"}],"replies":[{"embeddable":true,"href":"https:\/\/www.defensoria.se.def.br\/index.php?rest_route=%2Fwp%2Fv2%2Fcomments&post=10384"}],"version-history":[{"count":4,"href":"https:\/\/www.defensoria.se.def.br\/index.php?rest_route=\/wp\/v2\/pages\/10384\/revisions"}],"predecessor-version":[{"id":38158,"href":"https:\/\/www.defensoria.se.def.br\/index.php?rest_route=\/wp\/v2\/pages\/10384\/revisions\/38158"}],"up":[{"embeddable":true,"href":"https:\/\/www.defensoria.se.def.br\/index.php?rest_route=\/wp\/v2\/pages\/21376"}],"wp:attachment":[{"href":"https:\/\/www.defensoria.se.def.br\/index.php?rest_route=%2Fwp%2Fv2%2Fmedia&parent=10384"}],"curies":[{"name":"wp","href":"https:\/\/api.w.org\/{rel}","templated":true}]}}