{"id":17481,"date":"2017-09-29T11:23:58","date_gmt":"2017-09-29T14:23:58","guid":{"rendered":"http:\/\/www.defensoria.se.def.br\/?page_id=17481"},"modified":"2017-09-29T12:25:43","modified_gmt":"2017-09-29T15:25:43","slug":"editais-de-processos-seletivos-anteriores-2017","status":"publish","type":"page","link":"https:\/\/www.defensoria.se.def.br\/?page_id=17481","title":{"rendered":"Editais de Processos Seletivos &#8211; Anteriores 2017"},"content":{"rendered":"<h4 style=\"text-align: center;\"><strong>EDITAIS DE PROCESSOS SELETIVOS ANTERIORES<\/strong><\/h4>\n<p>&nbsp;<\/p>\n<h5 style=\"text-align: justify;\"><span style=\"color: #000000;\"><a style=\"color: #000000;\" href=\"http:\/\/www.defensoria.se.def.br\/wp-content\/uploads\/2017\/01\/Edital-n.\u00ba-001.2017.CPSE-Abertura-de-Processo-Seletivo-para-Estagi\u00e1rios-Interior.pdf\">Edital n.\u00ba 001.2017.CPSE &#8211; Abertura de Processo Seletivo para Estagi\u00e1rios (Interior)<\/a> &#8211; Disp\u00f5e sobre abertura de Processo Seletivo para Estagi\u00e1rios da Defensoria P\u00fablica do Estado de Sergipe, com vagas para os cursos de Direito, para atua\u00e7\u00e3o no Interior do Estado.<\/span><\/h5>\n<p style=\"text-align: justify;\">\u00a0<\/p>\n<h5 style=\"text-align: justify;\"><span style=\"color: #000000;\"><a style=\"color: #000000;\" href=\"http:\/\/www.defensoria.se.def.br\/wp-content\/uploads\/2017\/01\/Edital-002.2017.CPSE-Deferimento-de-Inscricoes.pdf\">Edital 002.2017.CPSE &#8211; Deferimento de Inscricoes<\/a> &#8211; <strong>DEFERIMENTO DAS INSCRI\u00c7\u00d5ES <\/strong>do Processo Seletivo para Estagi\u00e1rios da Defensoria P\u00fablica do Estado de Sergipe, com vagas para o curso de Direito, para atua\u00e7\u00e3o no Interior do Estado.<\/span><\/h5>\n<h4 style=\"text-align: justify;\">\u00a0<\/h4>\n<h5 style=\"text-align: justify;\"><span style=\"color: #000000;\"><a style=\"color: #000000;\" href=\"http:\/\/www.defensoria.se.def.br\/wp-content\/uploads\/2017\/01\/FORMULARIO-DE-INTERPOSICAO-DE-RECURSO-DEFERIMENTO-DAS-INSCRICOES.pdf\">FORMULARIO DE INTERPOSICAO DE RECURSO &#8211; EDITAL N.\u00ba 002\/2017\/CPSE \u2013 QUE DISP\u00d5E ACERCA DO DEFERIMENTO DAS INSCRI\u00c7\u00d5ES<\/a><\/span><\/h5>\n<h4 style=\"text-align: justify;\">\u00a0<\/h4>\n<h5 style=\"text-align: justify;\"><span style=\"color: #000000;\"><a style=\"color: #000000;\" href=\"http:\/\/www.defensoria.se.def.br\/wp-content\/uploads\/2017\/01\/Edital-003.2017.CPSE-Deferimento-de-Inscri\u00e7\u00f5es-ap\u00f3s-prazo-recursal-Local-Data-e-Hor\u00e1rio-das-Provas..pdf\">Edital 003.2017.CPSE &#8211; Deferimento de Inscri\u00e7\u00f5es &#8211; ap\u00f3s prazo recursal &#8211; Local, Data e Hor\u00e1rio das Provas.<\/a> &#8211; Disp\u00f5e sobre o Deferimento das Inscri\u00e7\u00f5es do Processo Seletivo para Estagi\u00e1rios da Defensoria P\u00fablica do Estado de Sergipe, com vagas para o curso de Direito, para atua\u00e7\u00e3o no Interior do Estado, ap\u00f3s prazo recursal, como tamb\u00e9m, Local, Data e Hor\u00e1rio da Realiza\u00e7\u00e3o das Provas.<\/span><\/h5>\n<h4 style=\"text-align: justify;\">\u00a0<\/h4>\n<h5 style=\"text-align: justify;\"><span style=\"color: #000000;\"><a style=\"color: #000000;\" href=\"http:\/\/www.defensoria.se.def.br\/wp-content\/uploads\/2017\/01\/REPUBLICA\u00c7\u00c3O-POR-INCORRE\u00c7\u00c3O-Edital-003.2017.CPSE-Deferimento-de-Inscri\u00e7\u00f5es-ap\u00f3s-prazo-recursal-Local-Data-e-Hor\u00e1rio-das-Provas..pdf\">REPUBLICA\u00c7\u00c3O POR INCORRE\u00c7\u00c3O &#8211; Edital 003.2017.CPSE &#8211; Deferimento de Inscri\u00e7\u00f5es &#8211; ap\u00f3s prazo recursal &#8211; Local, Data e Hor\u00e1rio das Provas.<\/a> &#8211; Disp\u00f5e sobre o Deferimento das Inscri\u00e7\u00f5es do Processo Seletivo para Estagi\u00e1rios da Defensoria P\u00fablica do Estado de Sergipe, com vagas para o curso de Direito, para atua\u00e7\u00e3o no Interior do Estado, ap\u00f3s prazo recursal, como tamb\u00e9m, Local, Data e Hor\u00e1rio da Realiza\u00e7\u00e3o das Provas.<\/span><\/h5>\n<h4 style=\"text-align: justify;\">\u00a0<\/h4>\n<h5 style=\"text-align: justify;\"><span style=\"color: #000000;\"><a style=\"color: #000000;\" href=\"http:\/\/www.defensoria.se.def.br\/wp-content\/uploads\/2017\/01\/Edital-004.2017.CPSE-Gabarito-Preliminar-e-Prazo-para-Recurso-1.pdf\" rel=\"attachment wp-att-15773\">Edital 004.2017.CPSE &#8211; Gabarito Preliminar e Prazo para Recurso <\/a> &#8211; Disp\u00f5e sobre o Gabarito Preliminar das Provas do Processo Seletivo para Estagi\u00e1rios da Defensoria P\u00fablica do Estado de Sergipe, com vagas para o curso de Direito, para atua\u00e7\u00e3o no Interior do Estado, como tamb\u00e9m o Prazo para Recurso.<\/span><\/h5>\n<p>&nbsp;<\/p>\n<h5 style=\"text-align: justify;\"><span style=\"color: #000000;\"><a style=\"color: #000000;\" href=\"http:\/\/www.defensoria.se.def.br\/wp-content\/uploads\/2017\/01\/FORMUL%C3%81RIO-DE-RECURSO-GABARITO-PRELIMINAR.pdf\">ACESSE AQUI O FORMUL\u00c1RIO DE RECURSO<\/a><\/span><\/h5>\n<h4 style=\"text-align: justify;\">\u00a0<\/h4>\n<h5 style=\"text-align: justify;\"><span style=\"color: #000000;\"><a style=\"color: #000000;\" href=\"http:\/\/www.defensoria.se.def.br\/wp-content\/uploads\/2017\/04\/Edital-005.2017.CPSE-Gabarito-Definitivo.pdf\">Edital 005.2017.CPSE &#8211; Gabarito Definitivo<\/a><a style=\"color: #000000;\" href=\"http:\/\/www.defensoria.se.def.br\/wp-content\/uploads\/2017\/04\/Edital-005.2017.CPSE-Gabarito-Definitivo.pdf\">Edital 005.2017.CPSE &#8211; Gabarito Definitivo<\/a> &#8211; Disp\u00f5e sobre o Gabarito Definitivo das Provas do Processo Seletivo para Estagi\u00e1rios da Defensoria P\u00fablica do Estado de Sergipe, com vagas para o curso de Direito, para atua\u00e7\u00e3o no Interior do Estado.<\/span><\/h5>\n<h4 style=\"text-align: justify;\">\u00a0<\/h4>\n<h5 style=\"text-align: justify;\"><span style=\"color: #000000;\"><a style=\"color: #000000;\" href=\"http:\/\/www.defensoria.se.def.br\/wp-content\/uploads\/2017\/04\/Edital-006.2017.CPSE-Classifica\u00e7\u00e3o-Provis\u00f3ria.pdf\">Edital 006.2017.CPSE &#8211; Classifica\u00e7\u00e3o Provis\u00f3ria<\/a> &#8211; Disp\u00f5e sobre a Classifica\u00e7\u00e3o Provis\u00f3ria do Processo Seletivo para Estagi\u00e1rios da Defensoria P\u00fablica do Estado de Sergipe, com vagas para o curso de Direito, para atua\u00e7\u00e3o no Interior do Estado, como tamb\u00e9m o Prazo para Recurso.<\/span><\/h5>\n<h4 style=\"text-align: justify;\">\u00a0<\/h4>\n<h5 style=\"text-align: justify;\"><span style=\"color: #000000;\"><a style=\"color: #000000;\" href=\"http:\/\/www.defensoria.se.def.br\/wp-content\/uploads\/2017\/04\/FORMUL\u00c1RIO-DE-RECURSO-CLASSIFICA\u00c7\u00c3O-PROVIS\u00d3RIA.pdf\">FORMUL\u00c1RIO DE RECURSO &#8211; CLASSIFICA\u00c7\u00c3O PROVIS\u00d3RIA<\/a> &#8211; <\/span><br \/><span style=\"color: #000000;\"> FORMUL\u00c1RIO DE INTERPOSI\u00c7\u00c3O DE RECURSO CONTRA:<\/span><br \/><span style=\"color: #000000;\"> EDITAL N.\u00ba 006\/2017\/CPSE \u2013 DISP\u00d5E ACERCA DA CLASSIFICA\u00c7\u00c3O PROVIS\u00d3RIA<\/span><\/h5>\n<h4 style=\"text-align: justify;\">\u00a0<\/h4>\n<h5 style=\"text-align: justify;\"><span style=\"color: #000000;\"><a style=\"color: #000000;\" href=\"http:\/\/www.defensoria.se.def.br\/wp-content\/uploads\/2017\/04\/Edital-007.2017.CPSE-Resultado-de-Recursos-e-Classifica\u00e7\u00e3o-Definitiva.pdf\">Edital 007.2017.CPSE &#8211; Resultado de Recursos e Classifica\u00e7\u00e3o Definitiva<\/a> &#8211; Disp\u00f5e acerca do resultado dos recursos apresentados contra a Classifica\u00e7\u00e3o Provis\u00f3ria do Processo Seletivo para Estagi\u00e1rios da Defensoria P\u00fablica do Estado de Sergipe, com vagas para o curso de Direito, para atua\u00e7\u00e3o no interior do Estado, como tamb\u00e9m divulga a Classifica\u00e7\u00e3o Definitiva do referido certame.<\/span><\/h5>\n<p>&nbsp;<\/p>\n","protected":false},"excerpt":{"rendered":"<p>EDITAIS DE PROCESSOS SELETIVOS ANTERIORES &nbsp; Edital n.\u00ba 001.2017.CPSE &#8211; Abertura de Processo Seletivo para Estagi\u00e1rios (Interior) &#8211; Disp\u00f5e sobre abertura de Processo Seletivo para Estagi\u00e1rios da Defensoria P\u00fablica do Estado de Sergipe, com vagas para os cursos de Direito, para atua\u00e7\u00e3o no Interior do Estado. \u00a0 Edital 002.2017.CPSE &#8211; Deferimento de Inscricoes &#8211; DEFERIMENTO &hellip;<\/p>\n<p class=\"read-more\"> <a class=\"\" href=\"https:\/\/www.defensoria.se.def.br\/?page_id=17481\"> <span class=\"screen-reader-text\">Editais de Processos Seletivos &#8211; Anteriores 2017<\/span> Read More &raquo;<\/a><\/p>\n","protected":false},"author":1,"featured_media":0,"parent":0,"menu_order":0,"comment_status":"closed","ping_status":"closed","template":"","meta":{"_eb_attr":"","_uag_custom_page_level_css":"","site-sidebar-layout":"default","site-content-layout":"","ast-site-content-layout":"","site-content-style":"default","site-sidebar-style":"default","ast-global-header-display":"","ast-banner-title-visibility":"","ast-main-header-display":"","ast-hfb-above-header-display":"","ast-hfb-below-header-display":"","ast-hfb-mobile-header-display":"","site-post-title":"","ast-breadcrumbs-content":"","ast-featured-img":"","footer-sml-layout":"","theme-transparent-header-meta":"","adv-header-id-meta":"","stick-header-meta":"","header-above-stick-meta":"","header-main-stick-meta":"","header-below-stick-meta":"","astra-migrate-meta-layouts":"","footnotes":""},"class_list":["post-17481","page","type-page","status-publish","hentry"],"uagb_featured_image_src":{"full":false,"thumbnail":false,"medium":false,"medium_large":false,"large":false,"1536x1536":false,"2048x2048":false},"uagb_author_info":{"display_name":"admin","author_link":"https:\/\/www.defensoria.se.def.br\/?author=1"},"uagb_comment_info":0,"uagb_excerpt":"EDITAIS DE PROCESSOS SELETIVOS ANTERIORES &nbsp; Edital n.\u00ba 001.2017.CPSE &#8211; Abertura de Processo Seletivo para Estagi\u00e1rios (Interior) &#8211; Disp\u00f5e sobre abertura de Processo Seletivo para Estagi\u00e1rios da Defensoria P\u00fablica do Estado de Sergipe, com vagas para os cursos de Direito, para atua\u00e7\u00e3o no Interior do Estado. \u00a0 Edital 002.2017.CPSE &#8211; Deferimento de Inscricoes &#8211; DEFERIMENTO&hellip;","_links":{"self":[{"href":"https:\/\/www.defensoria.se.def.br\/index.php?rest_route=\/wp\/v2\/pages\/17481"}],"collection":[{"href":"https:\/\/www.defensoria.se.def.br\/index.php?rest_route=\/wp\/v2\/pages"}],"about":[{"href":"https:\/\/www.defensoria.se.def.br\/index.php?rest_route=\/wp\/v2\/types\/page"}],"author":[{"embeddable":true,"href":"https:\/\/www.defensoria.se.def.br\/index.php?rest_route=\/wp\/v2\/users\/1"}],"replies":[{"embeddable":true,"href":"https:\/\/www.defensoria.se.def.br\/index.php?rest_route=%2Fwp%2Fv2%2Fcomments&post=17481"}],"version-history":[{"count":8,"href":"https:\/\/www.defensoria.se.def.br\/index.php?rest_route=\/wp\/v2\/pages\/17481\/revisions"}],"predecessor-version":[{"id":17524,"href":"https:\/\/www.defensoria.se.def.br\/index.php?rest_route=\/wp\/v2\/pages\/17481\/revisions\/17524"}],"wp:attachment":[{"href":"https:\/\/www.defensoria.se.def.br\/index.php?rest_route=%2Fwp%2Fv2%2Fmedia&parent=17481"}],"curies":[{"name":"wp","href":"https:\/\/api.w.org\/{rel}","templated":true}]}}