{"id":18447,"date":"2018-01-09T10:06:20","date_gmt":"2018-01-09T13:06:20","guid":{"rendered":"http:\/\/www.defensoria.se.def.br\/?page_id=18447"},"modified":"2018-12-19T12:18:59","modified_gmt":"2018-12-19T15:18:59","slug":"editais-de-convocacao-2018","status":"publish","type":"page","link":"https:\/\/www.defensoria.se.def.br\/?page_id=18447","title":{"rendered":"EDITAIS DE CONVOCA\u00c7\u00c3O &#8211; 2018"},"content":{"rendered":"<h3 style=\"text-align: center;\"><strong>EDITAIS DE CONVOCA\u00c7\u00c3O\u00a0 &#8211; 2018<\/strong><\/h3>\n<p style=\"text-align: justify;\">\u00a0<\/p>\n<p style=\"text-align: justify;\"><span style=\"color: #000000;\"><a style=\"color: #000000;\" href=\"http:\/\/www.defensoria.se.def.br\/wp-content\/uploads\/2018\/01\/EDITAL-GSPG-001.18-Convoca\u00e7\u00e3o-de-Estagi\u00e1rios-Edital-n.\u00ba-008.2017.CPSE_.pdf\">EDITAL GSPG 001.18 &#8211; Convoca\u00e7\u00e3o de Estagi\u00e1rios<\/a>\u00a0 &#8211; Convoca os candidatos abaixo relacionados, obedecendo a ordem de classifica\u00e7\u00e3o, a se apresentarem na sede da Defensoria P\u00fablica do Estado de Sergipe.<\/span><\/p>\n<p style=\"text-align: justify;\">\u00a0<\/p>\n<p style=\"text-align: justify;\"><span style=\"color: #000000;\"><a style=\"color: #000000;\" href=\"http:\/\/www.defensoria.se.def.br\/wp-content\/uploads\/2018\/01\/EDITAL-GSPG-002.18-Convoca\u00e7\u00e3o-de-Estagi\u00e1rios-Edital-n.\u00ba-001.16.CPSE-n.\u00ba-001.2017.CPSE-e-008.2017.CPSE_.pdf\">EDITAL GSPG 002.18 &#8211; Convoca\u00e7\u00e3o de Estagi\u00e1rios (Edital n.\u00ba 001.16.CPSE, n.\u00ba 001.17.CPSE e 008.17.CPSE)<\/a> &#8211; Convoca os candidatos abaixo relacionados, obedecendo a ordem de classifica\u00e7\u00e3o, a se apresentarem na sede da Defensoria P\u00fablica do Estado de Sergipe.<\/span><\/p>\n<p style=\"text-align: justify;\">\u00a0<\/p>\n<p style=\"text-align: justify;\"><span style=\"color: #000000;\"><a style=\"color: #000000;\" href=\"http:\/\/www.defensoria.se.def.br\/wp-content\/uploads\/2018\/01\/Edital-GSPG-003.2018-Convoca\u00e7\u00e3o-de-Estagi\u00e1rios.pdf\">Edital GSPG 003.2018 &#8211; Convoca\u00e7\u00e3o de Estagi\u00e1rios<\/a> &#8211; Convoca os candidatos abaixo relacionados, obedecendo a ordem de classifica\u00e7\u00e3o, a se apresentarem na sede da Defensoria P\u00fablica do Estado de Sergipe.<\/span><\/p>\n<p style=\"text-align: justify;\">\u00a0<\/p>\n<p style=\"text-align: justify;\"><span style=\"color: #000000;\"><a style=\"color: #000000;\" href=\"http:\/\/www.defensoria.se.def.br\/wp-content\/uploads\/2018\/01\/EDITAL-GSPG-004.18-Convoca\u00e7\u00e3o-de-Estagi\u00e1rios-Edital-n.\u00ba-001.2017.CPSE-e-008.2017.CPSE_.pdf\">EDITAL GSPG 004.18 &#8211; Convoca\u00e7\u00e3o de Estagi\u00e1rios (Edital n.\u00ba 001.2017.CPSE e 008.2017.CPSE)<\/a> <\/span>&#8211; <span style=\"color: #000000;\">Convoca os candidatos abaixo relacionados, obedecendo a ordem de classifica\u00e7\u00e3o, a se apresentarem na sede da Defensoria P\u00fablica do Estado de Sergipe.<\/span><\/p>\n<p style=\"text-align: justify;\">\u00a0<\/p>\n<p style=\"text-align: justify;\"><span style=\"color: #000000;\"><a style=\"color: #000000;\" href=\"http:\/\/www.defensoria.se.def.br\/wp-content\/uploads\/2018\/01\/EDITAL-GSPG-005.18-Convoca\u00e7\u00e3o-de-Estagi\u00e1rios-Edital-n.\u00ba-001.2017.CPSE-e-008.2017.CPSE_.pdf\">EDITAL GSPG 005.18 &#8211; Convoca\u00e7\u00e3o de Estagi\u00e1rios (Edital n.\u00ba 001.2017.CPSE e 008.2017.CPSE)<\/a> &#8211;\u00a0Convoca os candidatos abaixo relacionados, obedecendo a ordem de classifica\u00e7\u00e3o, a se apresentarem na sede da Defensoria P\u00fablica do Estado de Sergipe.<\/span><\/p>\n<p style=\"text-align: justify;\">\u00a0<\/p>\n<p style=\"text-align: justify;\"><span style=\"color: #000000;\"><a style=\"color: #000000;\" href=\"http:\/\/www.defensoria.se.def.br\/wp-content\/uploads\/2018\/01\/Edital-GSPG-006.2018-Convoca\u00e7\u00e3o-de-Estagi\u00e1rios-1.pdf\">Edital GSPG 006.2018 &#8211; Convoca\u00e7\u00e3o de Estagi\u00e1rios<\/a> &#8211;\u00a0Convoca os candidatos abaixo relacionados, obedecendo a ordem de classifica\u00e7\u00e3o, a se apresentarem na sede da Defensoria P\u00fablica do Estado de Sergipe.<\/span><\/p>\n<p style=\"text-align: justify;\">\u00a0<\/p>\n<p style=\"text-align: justify;\"><span style=\"color: #000000;\"><a style=\"color: #000000;\" href=\"http:\/\/www.defensoria.se.def.br\/wp-content\/uploads\/2018\/01\/EDITAL-GSPG-007.18-Convoca\u00e7\u00e3o-de-Estagi\u00e1rios-Edital-n.\u00ba-001.2017.CPSE-e-008.2017.CPSE_.pdf\">EDITAL GSPG 007.18 &#8211; Convoca\u00e7\u00e3o de Estagi\u00e1rios (Edital n.\u00ba 001.2017.CPSE e 008.2017.CPSE)<\/a>\u00a0&#8211;\u00a0Convoca os candidatos abaixo relacionados, obedecendo a ordem de classifica\u00e7\u00e3o, a se apresentarem na sede da Defensoria P\u00fablica do Estado de Sergipe.<\/span><\/p>\n<p style=\"text-align: justify;\">\u00a0<\/p>\n<p style=\"text-align: justify;\"><span style=\"color: #000000;\"><a style=\"color: #000000;\" href=\"http:\/\/www.defensoria.se.def.br\/wp-content\/uploads\/2018\/01\/060.-Edital-GSPG-008.2018-Convoca\u00e7\u00e3o-de-Estagi\u00e1rios-Edital-008.17.CPSE_.pdf\">Edital GSPG 008.2018 &#8211; Convoca\u00e7\u00e3o de Estagi\u00e1rios (Edital 008.17.CPSE)<\/a>\u00a0&#8211;\u00a0Convoca os candidatos abaixo relacionados, obedecendo a ordem de classifica\u00e7\u00e3o, a se apresentarem na sede da Defensoria P\u00fablica do Estado de Sergipe.<\/span><\/p>\n<p style=\"text-align: justify;\">\u00a0<\/p>\n<p style=\"text-align: justify;\"><span style=\"color: #000000;\"><a style=\"color: #000000;\" href=\"http:\/\/www.defensoria.se.def.br\/wp-content\/uploads\/2018\/01\/EDITAL-GSPG-009.18-Convoca\u00e7\u00e3o-de-Estagi\u00e1rios-Edital-n.\u00ba-001.2017.CPSE_.pdf\">EDITAL GSPG 009.18 &#8211; Convoca\u00e7\u00e3o de Estagi\u00e1rios (Edital n.\u00ba 001.2017.CPSE)<\/a> <\/span>&#8211; <span style=\"color: #000000;\">Convoca os candidatos abaixo relacionados, obedecendo a ordem de classifica\u00e7\u00e3o, a se apresentarem na sede da Defensoria P\u00fablica do Estado de Sergipe.<\/span>\u00a0 \u00a0<\/p>\n<p style=\"text-align: justify;\">\u00a0<\/p>\n<p style=\"text-align: justify;\"><span style=\"color: #000000;\"><a style=\"color: #000000;\" href=\"http:\/\/www.defensoria.se.def.br\/wp-content\/uploads\/2018\/01\/EDITAL-GSPG-010.18-Convoca\u00e7\u00e3o-de-Estagi\u00e1rios-Edital-n.\u00ba-001.2017.CPSE-E-008.2017.CPSE_.pdf\">EDITAL GSPG 010.18 &#8211; Convoca\u00e7\u00e3o de Estagi\u00e1rios (Edital n.\u00ba 001.2017.CPSE E 008.2017.CPSE)<\/a> &#8211; Convoca os candidatos abaixo relacionados, obedecendo a ordem de classifica\u00e7\u00e3o, a se apresentarem na sede da Defensoria P\u00fablica do Estado de Sergipe.\u00a0<\/span><\/p>\n<p style=\"text-align: justify;\">\u00a0<\/p>\n<p style=\"text-align: justify;\"><span style=\"color: #000000;\"><a style=\"color: #000000;\" href=\"http:\/\/www.defensoria.se.def.br\/wp-content\/uploads\/2018\/01\/EDITAL-GSPG-011.18-Convoca\u00e7\u00e3o-de-Estagi\u00e1rios-Edital-n.\u00ba-001.2017.CPSE_.pdf\">EDITAL GSPG 011.18 &#8211; Convoca\u00e7\u00e3o de Estagi\u00e1rios (Edital n.\u00ba 001.2017.CPSE)<\/a>\u00a0 <\/span><span style=\"color: #000000;\">&#8211; Convoca os candidatos abaixo relacionados, obedecendo a ordem de classifica\u00e7\u00e3o, a se apresentarem na sede da Defensoria P\u00fablica do Estado de Sergipe.\u00a0<\/span><\/p>\n<p style=\"text-align: justify;\">\u00a0<\/p>\n<p style=\"text-align: justify;\"><span style=\"color: #000000;\"><a style=\"color: #000000;\" href=\"http:\/\/www.defensoria.se.def.br\/wp-content\/uploads\/2018\/01\/EDITAL-GSPG-012.18-Convoca\u00e7\u00e3o-de-Estagi\u00e1rios-Edital-n.\u00ba-001.2017-E-008.17.CPSE_.pdf\">EDITAL GSPG 012.18 &#8211; Convoca\u00e7\u00e3o de Estagi\u00e1rios (Edital n.\u00ba 001.2017 E 008.17.CPSE)<\/a> &#8211; Convoca os candidatos abaixo relacionados, obedecendo a ordem de classifica\u00e7\u00e3o, a se apresentarem na sede da Defensoria P\u00fablica do Estado de Sergipe.\u00a0<\/span><\/p>\n<p style=\"text-align: justify;\">\u00a0<\/p>\n<p style=\"text-align: justify;\"><span style=\"color: #000000;\"><a style=\"color: #000000;\" href=\"http:\/\/www.defensoria.se.def.br\/wp-content\/uploads\/2018\/01\/EDITAL-GSPG-013.18-Convoca\u00e7\u00e3o-de-Estagi\u00e1rios-Edital-n.\u00ba-001.2017-E-008.17.CPSE_.pdf\">EDITAL GSPG 013.18 &#8211; Convoca\u00e7\u00e3o de Estagi\u00e1rios (Edital n.\u00ba 001.2017 E 008.17.CPSE)<\/a> &#8211; Convoca os candidatos abaixo relacionados, obedecendo a ordem de classifica\u00e7\u00e3o, a se apresentarem na sede da Defensoria P\u00fablica do Estado de Sergipe.\u00a0<\/span><\/p>\n<p style=\"text-align: justify;\">\u00a0<\/p>\n<p style=\"text-align: justify;\"><span style=\"color: #000000;\"><a style=\"color: #000000;\" href=\"http:\/\/www.defensoria.se.def.br\/wp-content\/uploads\/2018\/01\/EDITAL-GSPG-014.18-Convoca\u00e7\u00e3o-de-Estagi\u00e1rios-Edital-n.\u00ba-001.2017-E-008.17.CPSE_.pdf\">EDITAL GSPG 014.18 &#8211; Convoca\u00e7\u00e3o de Estagi\u00e1rios (Edital n.\u00ba 001.2017 E 008.17.CPSE)<\/a> &#8211; Convoca os candidatos abaixo relacionados, obedecendo a ordem de classifica\u00e7\u00e3o, a se apresentarem na sede da Defensoria P\u00fablica do Estado de Sergipe. <br \/><\/span><\/p>\n<p style=\"text-align: justify;\">\u00a0<\/p>\n<p style=\"text-align: justify;\"><span style=\"color: #333333;\"><a style=\"color: #333333;\" href=\"http:\/\/www.defensoria.se.def.br\/wp-content\/uploads\/2018\/01\/EDITAL-GSPG-015.18-Convoca\u00e7\u00e3o-de-Estagi\u00e1rios-Edital-n.\u00ba-001.2017-E-008.17.CPSE_.pdf\">EDITAL GSPG 015.18 &#8211; Convoca\u00e7\u00e3o de Estagi\u00e1rios (Edital n.\u00ba 001.2017 E 008.17.CPSE)<\/a> &#8211;<\/span><span style=\"color: #000000;\"><span style=\"color: #333333;\"> Convoca os candidatos abaixo relacionados, obedecendo a ordem de classifica\u00e7\u00e3o, a se apresentarem na sede da Defensoria P\u00fablica do Estado de Sergipe.<\/span> <\/span><\/p>\n<p style=\"text-align: justify;\">\u00a0<\/p>\n<p style=\"text-align: justify;\"><span style=\"color: #333333;\"><a style=\"color: #333333;\" href=\"http:\/\/www.defensoria.se.def.br\/wp-content\/uploads\/2018\/01\/EDITAL-GSPG-016.18-Convoca\u00e7\u00e3o-de-Estagi\u00e1rios.pdf\">EDITAL GSPG 016.18 &#8211; Convoca\u00e7\u00e3o de Estagi\u00e1rios\u00a0<\/a><a style=\"color: #333333;\" href=\"http:\/\/www.defensoria.se.def.br\/wp-content\/uploads\/2018\/01\/EDITAL-GSPG-015.18-Convoca\u00e7\u00e3o-de-Estagi\u00e1rios-Edital-n.\u00ba-001.2017-E-008.17.CPSE_.pdf\">(Edital n.\u00ba 001.2017 E 008.17.CPSE)<\/a> &#8211; Convoca os candidatos abaixo relacionados, obedecendo a ordem de classifica\u00e7\u00e3o, a se apresentarem na sede da Defensoria P\u00fablica do Estado de Sergipe. <\/span><\/p>\n<p style=\"text-align: justify;\">\u00a0<\/p>\n<p style=\"text-align: justify;\"><span style=\"color: #333333;\"><a style=\"color: #333333;\" href=\"http:\/\/www.defensoria.se.def.br\/wp-content\/uploads\/2018\/01\/EDITAL-GSPG-017.18-Convoca\u00e7\u00e3o-de-Estagi\u00e1rios-Edital-n.\u00ba-008.17.CPSE_.pdf\">EDITAL GSPG 017.18 &#8211; Convoca\u00e7\u00e3o de Estagi\u00e1rios (Edital n.\u00ba 008.17.CPSE)<\/a><\/span> <span style=\"color: #333333;\">&#8211; Convoca os candidatos abaixo relacionados, obedecendo a ordem de classifica\u00e7\u00e3o, a se apresentarem na sede da Defensoria P\u00fablica do Estado de Sergipe. <\/span><\/p>\n<p style=\"text-align: justify;\">\u00a0<\/p>\n<p style=\"text-align: justify;\"><span style=\"color: #333333;\"><a style=\"color: #333333;\" href=\"http:\/\/www.defensoria.se.def.br\/wp-content\/uploads\/2018\/01\/EDITAL-GSPG-018.18-Convoca\u00e7\u00e3o-de-Estagi\u00e1rios-Edital-n.\u00ba-001-e-008.17.CPSE_.pdf\">EDITAL GSPG 018.18 &#8211; Convoca\u00e7\u00e3o de Estagi\u00e1rios (Edital n.\u00ba 001 e 008.17.CPSE)<\/a> &#8211; Convoca os candidatos abaixo relacionados, obedecendo a ordem de classifica\u00e7\u00e3o, a se apresentarem na sede da Defensoria P\u00fablica do Estado de Sergipe.<\/span><\/p>\n<p style=\"text-align: justify;\">\u00a0<\/p>\n<p style=\"text-align: justify;\"><span style=\"color: #333333;\"><a style=\"color: #333333;\" href=\"http:\/\/www.defensoria.se.def.br\/wp-content\/uploads\/2018\/01\/EDITAL-GSPG-019.18-Convoca\u00e7\u00e3o-de-Estagi\u00e1rios-Edital-n.\u00ba-001.17.CPSE_.pdf\">EDITAL GSPG 019.18 &#8211; Convoca\u00e7\u00e3o de Estagi\u00e1rios (Edital n.\u00ba 001.17.CPSE)<\/a> &#8211; Convoca os candidatos abaixo relacionados, obedecendo a ordem de classifica\u00e7\u00e3o, a se apresentarem na sede da Defensoria P\u00fablica do Estado de Sergipe.<\/span><\/p>\n<p style=\"text-align: justify;\">\u00a0<\/p>\n<p style=\"text-align: justify;\"><span style=\"color: #000000;\"><a style=\"color: #000000;\" href=\"http:\/\/www.defensoria.se.def.br\/wp-content\/uploads\/2018\/01\/EDITAL-GSPG-020.18-Convoca\u00e7\u00e3o-de-Estagi\u00e1rios-Edital-n.\u00ba-001.17.CPSE_.pdf\">EDITAL GSPG 020.18 &#8211; Convoca\u00e7\u00e3o de Estagi\u00e1rios (Edital n.\u00ba 001.17.CPSE)<\/a> <\/span>&#8211; <span style=\"color: #333333;\">Convoca os candidatos abaixo relacionados, obedecendo a ordem de classifica\u00e7\u00e3o, a se apresentarem na sede da Defensoria P\u00fablica do Estado de Sergipe.<\/span><\/p>\n<p style=\"text-align: justify;\">\u00a0<\/p>\n<p style=\"text-align: justify;\"><span style=\"color: #000000;\"><a style=\"color: #000000;\" href=\"http:\/\/www.defensoria.se.def.br\/wp-content\/uploads\/2018\/01\/EDITAL-GSPG-021.18-Convoca\u00e7\u00e3o-de-Estagi\u00e1rios-Edital-n.\u00ba-008.17.CPSE-Candidatos-do-Final-de-Lista-Aracaju.pdf\">EDITAL GSPG 021.18 &#8211; Convoca\u00e7\u00e3o de Estagi\u00e1rios (Edital n.\u00ba 008.17.CPSE) &#8211; Candidatos do Final de Lista &#8211; Aracaju<\/a><\/span> &#8211; <span style=\"color: #333333;\">Convoca os candidatos abaixo relacionados, obedecendo a ordem de classifica\u00e7\u00e3o, a se apresentarem na sede da Defensoria P\u00fablica do Estado de Sergipe.<\/span><\/p>\n<p style=\"text-align: justify;\">\u00a0<\/p>\n<p style=\"text-align: justify;\"><span style=\"color: #000000;\"><a style=\"color: #000000;\" href=\"http:\/\/www.defensoria.se.def.br\/wp-content\/uploads\/2018\/01\/EDITAL-GSPG-022.18-Convoca\u00e7\u00e3o-de-Estagi\u00e1rios-Edital-n.\u00ba-001.17.CPSE_.pdf\">EDITAL GSPG 022.18 &#8211; Convoca\u00e7\u00e3o de Estagi\u00e1rios (Edital n.\u00ba 001.17.CPSE)<\/a><\/span> &#8211; <span style=\"color: #333333;\">Convoca os candidatos abaixo relacionados, obedecendo a ordem de classifica\u00e7\u00e3o, a se apresentarem na sede da Defensoria P\u00fablica do Estado de Sergipe.<\/span><\/p>\n<p style=\"text-align: justify;\">\u00a0<\/p>\n<p style=\"text-align: justify;\"><span style=\"color: #000000;\"><a style=\"color: #000000;\" href=\"http:\/\/www.defensoria.se.def.br\/wp-content\/uploads\/2018\/01\/EDITAL-GSPG-023.18-Convoca\u00e7\u00e3o-de-Estagi\u00e1rios-Edital-n.\u00ba-008.17.CPSE-Candidatos-do-Final-de-Lista-Aracaju.pdf\">EDITAL GSPG 023.18 &#8211; Convoca\u00e7\u00e3o de Estagi\u00e1rios (Edital n.\u00ba 008.17.CPSE) &#8211; Candidatos do Final de Lista &#8211; Aracaju<\/a> &#8211; Convoca os candidatos abaixo relacionados, obedecendo a ordem de classifica\u00e7\u00e3o, a se apresentarem na sede da Defensoria P\u00fablica do Estado de Sergipe.<\/span><\/p>\n<p style=\"text-align: justify;\">\u00a0<\/p>\n<p style=\"text-align: justify;\"><span style=\"color: #000000;\"><a style=\"color: #000000;\" href=\"http:\/\/www.defensoria.se.def.br\/wp-content\/uploads\/2018\/01\/EDITAL-GSPG-024.18-Convoca\u00e7\u00e3o-de-Estagi\u00e1rios-Edital-n.\u00ba-001.17.CPSE1_.pdf\">EDITAL GSPG 024.18 &#8211; Convoca\u00e7\u00e3o de Estagi\u00e1rios (Edital n.\u00ba 001.17.CPSE)<\/a> &#8211; Convoca os candidatos abaixo relacionados, obedecendo a ordem de classifica\u00e7\u00e3o, a se apresentarem na sede da Defensoria P\u00fablica do Estado de Sergipe.<\/span><\/p>\n<p style=\"text-align: justify;\">\u00a0<\/p>\n<p style=\"text-align: justify;\"><span style=\"color: #000000;\"><a style=\"color: #000000;\" href=\"http:\/\/www.defensoria.se.def.br\/wp-content\/uploads\/2018\/01\/Edital-GSPG-n.\u00ba-025.2018-Convoca\u00e7\u00e3o-de-Estagi\u00e1rios.pdf\">Edital GSPG n.\u00ba 025.2018 &#8211; Convoca\u00e7\u00e3o de Estagi\u00e1rios<\/a> &#8211; Convoca os candidatos abaixo relacionados, obedecendo a ordem de classifica\u00e7\u00e3o, a se apresentarem na sede da Defensoria P\u00fablica do Estado de Sergipe.<\/span><\/p>\n<p style=\"text-align: justify;\">\u00a0<\/p>\n<p style=\"text-align: justify;\"><span style=\"color: #000000;\"><a style=\"color: #000000;\" href=\"http:\/\/www.defensoria.se.def.br\/wp-content\/uploads\/2018\/01\/EDITAL-GSPG-026.18-Convoca\u00e7\u00e3o-de-Estagi\u00e1rios-Edital-n.\u00ba-001.17.CPSE_.pdf\">EDITAL GSPG 026.18 &#8211; Convoca\u00e7\u00e3o de Estagi\u00e1rios (Edital n.\u00ba 001.17.CPSE)<\/a><\/span> <span style=\"color: #000000;\"> &#8211; Convoca os candidatos abaixo relacionados, obedecendo a ordem de classifica\u00e7\u00e3o, a se apresentarem na sede da Defensoria P\u00fablica do Estado de Sergipe.<\/span><\/p>\n<p style=\"text-align: justify;\">\u00a0<\/p>\n<p style=\"text-align: justify;\"><span style=\"color: #000000;\"><a style=\"color: #000000;\" href=\"http:\/\/www.defensoria.se.def.br\/wp-content\/uploads\/2018\/01\/Edital-GSPG-n.\u00ba-027.2018-Convoca\u00e7\u00e3o-de-Estagi\u00e1rios.pdf\">Edital GSPG n.\u00ba 027.2018 &#8211; Convoca\u00e7\u00e3o de Estagi\u00e1rios<\/a> &#8211; Convoca os candidatos abaixo relacionados, obedecendo a ordem de classifica\u00e7\u00e3o, a se apresentarem na sede da Defensoria P\u00fablica do Estado de Sergipe.<\/span><\/p>\n<p style=\"text-align: justify;\">\u00a0<\/p>\n<p style=\"text-align: justify;\"><span style=\"color: #000000;\"><a style=\"color: #000000;\" href=\"http:\/\/www.defensoria.se.def.br\/wp-content\/uploads\/2018\/01\/Edital-GSPG-n.\u00ba-028.2018-Convoca\u00e7\u00e3o-de-Estagi\u00e1rios-Candidatos-em-Final-de-Lista.pdf\">Edital GSPG n.\u00ba 028.2018 &#8211; Convoca\u00e7\u00e3o de Estagi\u00e1rios &#8211; Candidatos em Final de Lista<\/a> &#8211; Convoca os candidatos abaixo relacionados, obedecendo a ordem de classifica\u00e7\u00e3o, a se apresentarem na sede da Defensoria P\u00fablica do Estado de Sergipe.<\/span><\/p>\n<p style=\"text-align: justify;\">\u00a0<\/p>\n<p style=\"text-align: justify;\"><span style=\"color: #000000;\"><a style=\"color: #000000;\" href=\"http:\/\/www.defensoria.se.def.br\/wp-content\/uploads\/2018\/01\/EDITAL-GSPG-029.18-Convoca\u00e7\u00e3o-de-Estagi\u00e1rios-Edital-n.\u00ba-001.17.CPSE-Interior.pdf\">EDITAL GSPG 029.18 &#8211; Convoca\u00e7\u00e3o de Estagi\u00e1rios (Edital n.\u00ba 001.17.CPSE &#8211; Interior)<\/a><\/span> <span style=\"color: #000000;\">&#8211; Convoca os candidatos abaixo relacionados, obedecendo a ordem de classifica\u00e7\u00e3o, a se apresentarem na sede da Defensoria P\u00fablica do Estado de Sergipe.<\/span><\/p>\n","protected":false},"excerpt":{"rendered":"<p>EDITAIS DE CONVOCA\u00c7\u00c3O\u00a0 &#8211; 2018 \u00a0 EDITAL GSPG 001.18 &#8211; Convoca\u00e7\u00e3o de Estagi\u00e1rios\u00a0 &#8211; Convoca os candidatos abaixo relacionados, obedecendo a ordem de classifica\u00e7\u00e3o, a se apresentarem na sede da Defensoria P\u00fablica do Estado de Sergipe. \u00a0 EDITAL GSPG 002.18 &#8211; Convoca\u00e7\u00e3o de Estagi\u00e1rios (Edital n.\u00ba 001.16.CPSE, n.\u00ba 001.17.CPSE e 008.17.CPSE) &#8211; Convoca os candidatos &hellip;<\/p>\n<p class=\"read-more\"> <a class=\"\" href=\"https:\/\/www.defensoria.se.def.br\/?page_id=18447\"> <span class=\"screen-reader-text\">EDITAIS DE CONVOCA\u00c7\u00c3O &#8211; 2018<\/span> Read More &raquo;<\/a><\/p>\n","protected":false},"author":1,"featured_media":0,"parent":0,"menu_order":0,"comment_status":"closed","ping_status":"closed","template":"","meta":{"_eb_attr":"","_uag_custom_page_level_css":"","site-sidebar-layout":"default","site-content-layout":"","ast-site-content-layout":"","site-content-style":"default","site-sidebar-style":"default","ast-global-header-display":"","ast-banner-title-visibility":"","ast-main-header-display":"","ast-hfb-above-header-display":"","ast-hfb-below-header-display":"","ast-hfb-mobile-header-display":"","site-post-title":"","ast-breadcrumbs-content":"","ast-featured-img":"","footer-sml-layout":"","theme-transparent-header-meta":"","adv-header-id-meta":"","stick-header-meta":"","header-above-stick-meta":"","header-main-stick-meta":"","header-below-stick-meta":"","astra-migrate-meta-layouts":"","footnotes":""},"class_list":["post-18447","page","type-page","status-publish","hentry"],"uagb_featured_image_src":{"full":false,"thumbnail":false,"medium":false,"medium_large":false,"large":false,"1536x1536":false,"2048x2048":false},"uagb_author_info":{"display_name":"admin","author_link":"https:\/\/www.defensoria.se.def.br\/?author=1"},"uagb_comment_info":0,"uagb_excerpt":"EDITAIS DE CONVOCA\u00c7\u00c3O\u00a0 &#8211; 2018 \u00a0 EDITAL GSPG 001.18 &#8211; Convoca\u00e7\u00e3o de Estagi\u00e1rios\u00a0 &#8211; Convoca os candidatos abaixo relacionados, obedecendo a ordem de classifica\u00e7\u00e3o, a se apresentarem na sede da Defensoria P\u00fablica do Estado de Sergipe. \u00a0 EDITAL GSPG 002.18 &#8211; Convoca\u00e7\u00e3o de Estagi\u00e1rios (Edital n.\u00ba 001.16.CPSE, n.\u00ba 001.17.CPSE e 008.17.CPSE) &#8211; Convoca os candidatos&hellip;","_links":{"self":[{"href":"https:\/\/www.defensoria.se.def.br\/index.php?rest_route=\/wp\/v2\/pages\/18447"}],"collection":[{"href":"https:\/\/www.defensoria.se.def.br\/index.php?rest_route=\/wp\/v2\/pages"}],"about":[{"href":"https:\/\/www.defensoria.se.def.br\/index.php?rest_route=\/wp\/v2\/types\/page"}],"author":[{"embeddable":true,"href":"https:\/\/www.defensoria.se.def.br\/index.php?rest_route=\/wp\/v2\/users\/1"}],"replies":[{"embeddable":true,"href":"https:\/\/www.defensoria.se.def.br\/index.php?rest_route=%2Fwp%2Fv2%2Fcomments&post=18447"}],"version-history":[{"count":37,"href":"https:\/\/www.defensoria.se.def.br\/index.php?rest_route=\/wp\/v2\/pages\/18447\/revisions"}],"predecessor-version":[{"id":21476,"href":"https:\/\/www.defensoria.se.def.br\/index.php?rest_route=\/wp\/v2\/pages\/18447\/revisions\/21476"}],"wp:attachment":[{"href":"https:\/\/www.defensoria.se.def.br\/index.php?rest_route=%2Fwp%2Fv2%2Fmedia&parent=18447"}],"curies":[{"name":"wp","href":"https:\/\/api.w.org\/{rel}","templated":true}]}}