{"id":22237,"date":"2019-02-07T08:51:16","date_gmt":"2019-02-07T11:51:16","guid":{"rendered":"http:\/\/www.defensoria.se.def.br\/?page_id=22237"},"modified":"2019-02-07T08:51:16","modified_gmt":"2019-02-07T11:51:16","slug":"fases-do-processo-seletivo-simplificado-simao-dias-n01","status":"publish","type":"page","link":"https:\/\/www.defensoria.se.def.br\/?page_id=22237","title":{"rendered":"Fases do Processo Seletivo Simplificado Sim\u00e3o dias &#8211; N\u00b001"},"content":{"rendered":"<h2 style=\"text-align: center;\"><strong>\u00a0FASES DO PROCESSO SELETIVO<\/strong><\/h2>\n<p>&nbsp;<\/p>\n<p>&nbsp;<\/p>\n<p>&nbsp;<\/p>\n<p><a href=\"http:\/\/www.defensoria.se.def.br\/wp-content\/uploads\/2019\/01\/Edital-Processo-Seletivo-Simplificado-Contrata\u00e7\u00e3o-de-estagi\u00e1rio.pdf\">1\u00ba Processo Seletivo Simplificado &#8211; Sim\u00e3o Dias &#8211; Edital de Abertura<\/a><\/p>\n<p>&nbsp;<\/p>\n<p><a href=\"http:\/\/www.defensoria.se.def.br\/wp-content\/uploads\/2019\/02\/1\u00ba-Processo-Seletivo-Simplificado-Sim\u00e3o-Dias-Inscritos.pdf\">1\u00ba Processo Seletivo Simplificado &#8211; Sim\u00e3o Dias &#8211; Inscritos<\/a><\/p>\n<p>&nbsp;<\/p>\n<p><a href=\"http:\/\/www.defensoria.se.def.br\/wp-content\/uploads\/2019\/02\/1\u00ba-Processo-Seletivo-Simplificado-Sim\u00e3o-Dias-Prova-04.01.19.pdf\">1\u00ba Processo Seletivo Simplificado &#8211; Sim\u00e3o Dias &#8211; Prova 04.01.19<\/a><\/p>\n<p>&nbsp;<\/p>\n<p><a href=\"http:\/\/www.defensoria.se.def.br\/wp-content\/uploads\/2019\/02\/1\u00ba-Processo-Seletivo-Simplificado-Sim\u00e3o-Dias-Gabarito-Oficial.pdf\">1\u00ba Processo Seletivo Simplificado &#8211; Sim\u00e3o Dias &#8211; Gabarito Oficial<\/a><\/p>\n<p>&nbsp;<\/p>\n<p><a href=\"http:\/\/www.defensoria.se.def.br\/wp-content\/uploads\/2019\/02\/1\u00ba-Processo-Seletivo-Simplificado-Sim\u00e3o-Dias-Resultado-Final.pdf\">1\u00ba Processo Seletivo Simplificado &#8211; Sim\u00e3o Dias &#8211; Resultado Final<\/a><\/p>\n","protected":false},"excerpt":{"rendered":"<p>\u00a0FASES DO PROCESSO SELETIVO &nbsp; &nbsp; &nbsp; 1\u00ba Processo Seletivo Simplificado &#8211; Sim\u00e3o Dias &#8211; Edital de Abertura &nbsp; 1\u00ba Processo Seletivo Simplificado &#8211; Sim\u00e3o Dias &#8211; Inscritos &nbsp; 1\u00ba Processo Seletivo Simplificado &#8211; Sim\u00e3o Dias &#8211; Prova 04.01.19 &nbsp; 1\u00ba Processo Seletivo Simplificado &#8211; Sim\u00e3o Dias &#8211; Gabarito Oficial &nbsp; 1\u00ba Processo Seletivo Simplificado &hellip;<\/p>\n<p class=\"read-more\"> <a class=\"\" href=\"https:\/\/www.defensoria.se.def.br\/?page_id=22237\"> <span class=\"screen-reader-text\">Fases do Processo Seletivo Simplificado Sim\u00e3o dias &#8211; N\u00b001<\/span> Read More &raquo;<\/a><\/p>\n","protected":false},"author":10,"featured_media":0,"parent":0,"menu_order":0,"comment_status":"closed","ping_status":"closed","template":"","meta":{"_eb_attr":"","_uag_custom_page_level_css":"","site-sidebar-layout":"default","site-content-layout":"","ast-site-content-layout":"","site-content-style":"default","site-sidebar-style":"default","ast-global-header-display":"","ast-banner-title-visibility":"","ast-main-header-display":"","ast-hfb-above-header-display":"","ast-hfb-below-header-display":"","ast-hfb-mobile-header-display":"","site-post-title":"","ast-breadcrumbs-content":"","ast-featured-img":"","footer-sml-layout":"","theme-transparent-header-meta":"","adv-header-id-meta":"","stick-header-meta":"","header-above-stick-meta":"","header-main-stick-meta":"","header-below-stick-meta":"","astra-migrate-meta-layouts":"","footnotes":""},"class_list":["post-22237","page","type-page","status-publish","hentry"],"uagb_featured_image_src":{"full":false,"thumbnail":false,"medium":false,"medium_large":false,"large":false,"1536x1536":false,"2048x2048":false},"uagb_author_info":{"display_name":"Raul Mendon\u00e7a","author_link":"https:\/\/www.defensoria.se.def.br\/?author=10"},"uagb_comment_info":0,"uagb_excerpt":"\u00a0FASES DO PROCESSO SELETIVO &nbsp; &nbsp; &nbsp; 1\u00ba Processo Seletivo Simplificado &#8211; Sim\u00e3o Dias &#8211; Edital de Abertura &nbsp; 1\u00ba Processo Seletivo Simplificado &#8211; Sim\u00e3o Dias &#8211; Inscritos &nbsp; 1\u00ba Processo Seletivo Simplificado &#8211; Sim\u00e3o Dias &#8211; Prova 04.01.19 &nbsp; 1\u00ba Processo Seletivo Simplificado &#8211; Sim\u00e3o Dias &#8211; Gabarito Oficial &nbsp; 1\u00ba Processo Seletivo Simplificado&hellip;","_links":{"self":[{"href":"https:\/\/www.defensoria.se.def.br\/index.php?rest_route=\/wp\/v2\/pages\/22237"}],"collection":[{"href":"https:\/\/www.defensoria.se.def.br\/index.php?rest_route=\/wp\/v2\/pages"}],"about":[{"href":"https:\/\/www.defensoria.se.def.br\/index.php?rest_route=\/wp\/v2\/types\/page"}],"author":[{"embeddable":true,"href":"https:\/\/www.defensoria.se.def.br\/index.php?rest_route=\/wp\/v2\/users\/10"}],"replies":[{"embeddable":true,"href":"https:\/\/www.defensoria.se.def.br\/index.php?rest_route=%2Fwp%2Fv2%2Fcomments&post=22237"}],"version-history":[{"count":1,"href":"https:\/\/www.defensoria.se.def.br\/index.php?rest_route=\/wp\/v2\/pages\/22237\/revisions"}],"predecessor-version":[{"id":22238,"href":"https:\/\/www.defensoria.se.def.br\/index.php?rest_route=\/wp\/v2\/pages\/22237\/revisions\/22238"}],"wp:attachment":[{"href":"https:\/\/www.defensoria.se.def.br\/index.php?rest_route=%2Fwp%2Fv2%2Fmedia&parent=22237"}],"curies":[{"name":"wp","href":"https:\/\/api.w.org\/{rel}","templated":true}]}}