{"id":22341,"date":"2019-02-13T10:15:46","date_gmt":"2019-02-13T13:15:46","guid":{"rendered":"http:\/\/www.defensoria.se.def.br\/?page_id=22341"},"modified":"2019-08-07T08:11:04","modified_gmt":"2019-08-07T11:11:04","slug":"itabaiana-n11","status":"publish","type":"page","link":"https:\/\/www.defensoria.se.def.br\/?page_id=22341","title":{"rendered":"Itabaiana N\u00b011"},"content":{"rendered":"<h3 style=\"text-align: center;\"><strong>Editais de convoca\u00e7\u00e3o Itabaiana<\/strong><\/h3>\n<p>&nbsp;<\/p>\n<table class=\" aligncenter\" style=\"height: 796px;\" width=\"531\">\n<tbody>\n<tr>\n<td style=\"width: 225px;\">\n<h6 style=\"text-align: center;\"><a href=\"http:\/\/www.defensoria.se.def.br\/wp-content\/uploads\/2019\/01\/EDITAL-GSPG-003.19-Convoca\u00e7\u00e3o-de-Estagi\u00e1rios-Edital-n.\u00ba-001.17.CPSE-Interior.pdf\">EDITAL GSPG 003.19 &#8211; Convoca\u00e7\u00e3o de Estagi\u00e1rios (Edital n.\u00ba 001.17.CPSE &#8211; Interior)<\/a>\u00a0<\/h6>\n<\/td>\n<td style=\"text-align: center;\">\n<h6 style=\"text-align: justify;\">\u00a0<strong>Publica\u00e7\u00e3o\u00a011\/01\/2019<\/strong><\/h6>\n<h6><strong>Convoca\u00e7\u00e3o\u00a018\/01\/2019<\/strong><\/h6>\n<\/td>\n<\/tr>\n<tr>\n<td style=\"width: 225px;\">\n<h6 style=\"text-align: center;\"><a href=\"http:\/\/www.defensoria.se.def.br\/wp-content\/uploads\/2019\/02\/EDITAL-GSPG-005.19-Convoca\u00e7\u00e3o-de-Estagi\u00e1rios-Edital-n.\u00ba-001.17.CPSE-Interior.pdf\">EDITAL GSPG 005.19 &#8211; Convoca\u00e7\u00e3o de Estagi\u00e1rios (Edital n.\u00ba 001.17.CPSE &#8211; Interior)\u00a0<\/a><\/h6>\n<\/td>\n<td style=\"text-align: center;\">\n<h6 style=\"text-align: justify;\"><strong>Publica\u00e7\u00e3o 01\/02\/2019<\/strong><\/h6>\n<h6 style=\"text-align: justify;\"><strong>Convoca\u00e7\u00e3o 07\/02\/2019<\/strong><\/h6>\n<h6>\u00a0<\/h6>\n<\/td>\n<\/tr>\n<tr>\n<td style=\"width: 225px;\">\n<h6 style=\"text-align: center;\"><a href=\"http:\/\/www.defensoria.se.def.br\/wp-content\/uploads\/2019\/03\/EDITAL-GSPG-013.19-Convoca\u00e7\u00e3o-de-Estagi\u00e1rios-Edital-n.\u00ba-001.17.CPSE-Interior.pdf\">EDITAL GSPG 013.19 &#8211; Convoca\u00e7\u00e3o de Estagi\u00e1rios (Edital n.\u00ba 001.17.CPSE &#8211; Interior)<\/a><\/h6>\n<\/td>\n<td style=\"text-align: center;\">\n<h6 style=\"text-align: justify;\"><strong>Publica\u00e7\u00e3o 13\/03\/2019<\/strong><\/h6>\n<h6 style=\"text-align: justify;\"><strong>Convoca\u00e7\u00e3o 15\/03\/2019<\/strong><\/h6>\n<h6>\u00a0<\/h6>\n<\/td>\n<\/tr>\n<tr>\n<td style=\"width: 225px;\">\n<h6 style=\"text-align: center;\"><a href=\"https:\/\/www.defensoria.se.def.br\/wp-content\/uploads\/2019\/04\/EDITAL-GSPG-016.19-Convoca%C3%A7%C3%A3o-de-Estagi%C3%A1rios-Edital-n.%C2%BA-001.17.CPSE-Interior.pdf\">EDITAL GSPG 016.19 &#8211; Convoca\u00e7\u00e3o de Estagi\u00e1rios (Edital n.\u00ba 001.17.CPSE &#8211; Interior)<\/a><\/h6>\n<\/td>\n<td style=\"text-align: center;\">\n<h6 style=\"text-align: justify;\"><strong>Publica\u00e7\u00e3o 01\/04\/2019<\/strong><\/h6>\n<h6 style=\"text-align: justify;\"><strong>Convoca\u00e7\u00e3o 04\/04\/2019<\/strong><\/h6>\n<h6>\u00a0<\/h6>\n<\/td>\n<\/tr>\n<tr>\n<td style=\"width: 225px;\">\n<h6 style=\"text-align: center;\"><a href=\"https:\/\/www.defensoria.se.def.br\/wp-content\/uploads\/2019\/04\/EDITAL-GSPG-017.19-Convoca%C3%A7%C3%A3o-de-Estagi%C3%A1rios-Edital-n.%C2%BA-001.17.CPSE-Interior.pdf\">EDITAL GSPG 017.19 &#8211; Convoca\u00e7\u00e3o de Estagi\u00e1rios (Edital n.\u00ba 001.17.CPSE &#8211; Interior)<\/a><\/h6>\n<\/td>\n<td style=\"text-align: center;\">\n<h6 style=\"text-align: justify;\"><strong>Publica\u00e7\u00e3o 09\/04\/2019<\/strong><\/h6>\n<h6 style=\"text-align: justify;\"><strong>Convoca\u00e7\u00e3o 12\/04\/2019<\/strong><\/h6>\n<h6>\u00a0<\/h6>\n<\/td>\n<\/tr>\n<tr>\n<td style=\"width: 225px;\">\n<h6 style=\"text-align: center;\"><a href=\"https:\/\/www.defensoria.se.def.br\/wp-content\/uploads\/2019\/02\/EDITAL-GSPG-027.19-Convoca\u00e7\u00e3o-de-Estagi\u00e1rios-Edital-n.\u00ba-001.18.CPSE-Interiorl.pdf\">EDITAL GSPG 027.19 &#8211; Convoca\u00e7\u00e3o de Estagi\u00e1rios (Edital n.\u00ba 001.18.CPSE &#8211; Interior)<\/a><\/h6>\n<\/td>\n<td style=\"text-align: center;\">\n<h6 style=\"text-align: justify;\"><strong>Publica\u00e7\u00e3o 29\/07\/2019<\/strong><\/h6>\n<h6 style=\"text-align: justify;\"><strong>Convoca\u00e7\u00e3o 01\/08\/2019<\/strong><\/h6>\n<h6> <\/h6>\n<\/td>\n<\/tr>\n<tr>\n<td style=\"width: 225px;\">\n<h6><a href=\"https:\/\/www.defensoria.se.def.br\/wp-content\/uploads\/2019\/02\/EDITAL-GSPG-028.19-Convoca\u00e7\u00e3o-de-Estagi\u00e1rios-Edital-n.\u00ba-001.18.CPSE-capital-e-interior.pdf\">EDITAL GSPG 028.19 &#8211; Convoca\u00e7\u00e3o de Estagi\u00e1rios (Edital n.\u00ba 001.18.CPSE &#8211; capital e interior)<\/a><\/h6>\n<\/td>\n<td style=\"text-align: center;\">\n<h6 style=\"text-align: justify;\"><strong>Publica\u00e7\u00e3o 06\/08\/2019<\/strong><\/h6>\n<h6 style=\"text-align: justify;\"><strong>Convoca\u00e7\u00e3o 12\/08\/2019<\/strong><\/h6>\n<\/td>\n<\/tr>\n<\/tbody>\n<\/table>\n<p>&nbsp;<\/p>\n","protected":false},"excerpt":{"rendered":"<p>Editais de convoca\u00e7\u00e3o Itabaiana &nbsp; EDITAL GSPG 003.19 &#8211; Convoca\u00e7\u00e3o de Estagi\u00e1rios (Edital n.\u00ba 001.17.CPSE &#8211; Interior)\u00a0 \u00a0Publica\u00e7\u00e3o\u00a011\/01\/2019 Convoca\u00e7\u00e3o\u00a018\/01\/2019 EDITAL GSPG 005.19 &#8211; Convoca\u00e7\u00e3o de Estagi\u00e1rios (Edital n.\u00ba 001.17.CPSE &#8211; Interior)\u00a0 Publica\u00e7\u00e3o 01\/02\/2019 Convoca\u00e7\u00e3o 07\/02\/2019 \u00a0 EDITAL GSPG 013.19 &#8211; Convoca\u00e7\u00e3o de Estagi\u00e1rios (Edital n.\u00ba 001.17.CPSE &#8211; Interior) Publica\u00e7\u00e3o 13\/03\/2019 Convoca\u00e7\u00e3o 15\/03\/2019 \u00a0 EDITAL GSPG &hellip;<\/p>\n<p class=\"read-more\"> <a class=\"\" href=\"https:\/\/www.defensoria.se.def.br\/?page_id=22341\"> <span class=\"screen-reader-text\">Itabaiana N\u00b011<\/span> Read More &raquo;<\/a><\/p>\n","protected":false},"author":10,"featured_media":0,"parent":0,"menu_order":0,"comment_status":"closed","ping_status":"closed","template":"","meta":{"_eb_attr":"","_uag_custom_page_level_css":"","site-sidebar-layout":"default","site-content-layout":"","ast-site-content-layout":"","site-content-style":"default","site-sidebar-style":"default","ast-global-header-display":"","ast-banner-title-visibility":"","ast-main-header-display":"","ast-hfb-above-header-display":"","ast-hfb-below-header-display":"","ast-hfb-mobile-header-display":"","site-post-title":"","ast-breadcrumbs-content":"","ast-featured-img":"","footer-sml-layout":"","theme-transparent-header-meta":"","adv-header-id-meta":"","stick-header-meta":"","header-above-stick-meta":"","header-main-stick-meta":"","header-below-stick-meta":"","astra-migrate-meta-layouts":"","footnotes":""},"class_list":["post-22341","page","type-page","status-publish","hentry"],"uagb_featured_image_src":{"full":false,"thumbnail":false,"medium":false,"medium_large":false,"large":false,"1536x1536":false,"2048x2048":false},"uagb_author_info":{"display_name":"Raul Mendon\u00e7a","author_link":"https:\/\/www.defensoria.se.def.br\/?author=10"},"uagb_comment_info":0,"uagb_excerpt":"Editais de convoca\u00e7\u00e3o Itabaiana &nbsp; EDITAL GSPG 003.19 &#8211; Convoca\u00e7\u00e3o de Estagi\u00e1rios (Edital n.\u00ba 001.17.CPSE &#8211; Interior)\u00a0 \u00a0Publica\u00e7\u00e3o\u00a011\/01\/2019 Convoca\u00e7\u00e3o\u00a018\/01\/2019 EDITAL GSPG 005.19 &#8211; Convoca\u00e7\u00e3o de Estagi\u00e1rios (Edital n.\u00ba 001.17.CPSE &#8211; Interior)\u00a0 Publica\u00e7\u00e3o 01\/02\/2019 Convoca\u00e7\u00e3o 07\/02\/2019 \u00a0 EDITAL GSPG 013.19 &#8211; Convoca\u00e7\u00e3o de Estagi\u00e1rios (Edital n.\u00ba 001.17.CPSE &#8211; Interior) Publica\u00e7\u00e3o 13\/03\/2019 Convoca\u00e7\u00e3o 15\/03\/2019 \u00a0 EDITAL GSPG&hellip;","_links":{"self":[{"href":"https:\/\/www.defensoria.se.def.br\/index.php?rest_route=\/wp\/v2\/pages\/22341"}],"collection":[{"href":"https:\/\/www.defensoria.se.def.br\/index.php?rest_route=\/wp\/v2\/pages"}],"about":[{"href":"https:\/\/www.defensoria.se.def.br\/index.php?rest_route=\/wp\/v2\/types\/page"}],"author":[{"embeddable":true,"href":"https:\/\/www.defensoria.se.def.br\/index.php?rest_route=\/wp\/v2\/users\/10"}],"replies":[{"embeddable":true,"href":"https:\/\/www.defensoria.se.def.br\/index.php?rest_route=%2Fwp%2Fv2%2Fcomments&post=22341"}],"version-history":[{"count":11,"href":"https:\/\/www.defensoria.se.def.br\/index.php?rest_route=\/wp\/v2\/pages\/22341\/revisions"}],"predecessor-version":[{"id":23936,"href":"https:\/\/www.defensoria.se.def.br\/index.php?rest_route=\/wp\/v2\/pages\/22341\/revisions\/23936"}],"wp:attachment":[{"href":"https:\/\/www.defensoria.se.def.br\/index.php?rest_route=%2Fwp%2Fv2%2Fmedia&parent=22341"}],"curies":[{"name":"wp","href":"https:\/\/api.w.org\/{rel}","templated":true}]}}