{"id":22352,"date":"2019-02-12T14:11:50","date_gmt":"2019-02-12T17:11:50","guid":{"rendered":"http:\/\/www.defensoria.se.def.br\/?page_id=22352"},"modified":"2020-01-29T09:35:24","modified_gmt":"2020-01-29T12:35:24","slug":"editais-de-convocacao-simao-dias-edital-001-19","status":"publish","type":"page","link":"https:\/\/www.defensoria.se.def.br\/?page_id=22352","title":{"rendered":"Editais de Convoca\u00e7\u00e3o &#8211; Sim\u00e3o Dias &#8211; Edital 001-19"},"content":{"rendered":"<h2 style=\"text-align: center;\"><strong>Editais de Convoca\u00e7\u00e3o<br \/>\n <\/strong><\/h2>\n<p>&nbsp;<\/p>\n<p>&nbsp;<\/p>\n<table class=\" aligncenter\" style=\"height: 400px;\" width=\"500\">\n<tbody>\n<tr>\n<td style=\"width: 225px;\">\n<h6 style=\"text-align: center;\"><a href=\"http:\/\/www.defensoria.se.def.br\/wp-content\/uploads\/2019\/02\/EDITAL-GSPG-008.19-Convoca\u00e7\u00e3o-de-Estagi\u00e1rios-Edital-n.\u00ba-001.19.DPSD-Sim\u00e3o-Dias.pdf\">EDITAL GSPG 008.19 &#8211; Convoca\u00e7\u00e3o de Estagi\u00e1rios (Edital n.\u00ba 001.19.DPSD &#8211; Sim\u00e3o Dias)<\/a><\/h6>\n<\/td>\n<td style=\"text-align: center;\">\n<h6 style=\"text-align: justify;\">\u00a0<strong>Publica\u00e7\u00e3o\u00a012\/02\/2019<\/strong><\/h6>\n<h6><strong>Convoca\u00e7\u00e3o\u00a015\/02\/2019<\/strong><\/h6>\n<\/td>\n<\/tr>\n<tr>\n<td style=\"width: 225px;\">\n<h6 style=\"text-align: center;\"><a href=\"https:\/\/www.defensoria.se.def.br\/wp-content\/uploads\/2019\/02\/EDITAL-GSPG-007.20-Convoca\u00e7\u00e3o-de-Estagi\u00e1rios-1\u00ba-PSE-Sim\u00e3o-Dias.pdf\">EDITAL GSPG 007.20 &#8211; Convoca\u00e7\u00e3o de Estagi\u00e1rios (1\u00ba PSE &#8211; Sim\u00e3o Dias)<\/a><\/h6>\n<\/td>\n<td style=\"text-align: center;\">\n<h6 style=\"text-align: justify;\"><strong>Publica\u00e7\u00e3o 28\/01\/2020<\/strong><\/h6>\n<h6><strong>Convoca\u00e7\u00e3o 31\/01\/2020<\/strong><\/h6>\n<\/td>\n<\/tr>\n<\/tbody>\n<\/table>\n<p>&nbsp;<\/p>\n","protected":false},"excerpt":{"rendered":"<p>Editais de Convoca\u00e7\u00e3o &nbsp; &nbsp; EDITAL GSPG 008.19 &#8211; Convoca\u00e7\u00e3o de Estagi\u00e1rios (Edital n.\u00ba 001.19.DPSD &#8211; Sim\u00e3o Dias) \u00a0Publica\u00e7\u00e3o\u00a012\/02\/2019 Convoca\u00e7\u00e3o\u00a015\/02\/2019 EDITAL GSPG 007.20 &#8211; Convoca\u00e7\u00e3o de Estagi\u00e1rios (1\u00ba PSE &#8211; Sim\u00e3o Dias) Publica\u00e7\u00e3o 28\/01\/2020 Convoca\u00e7\u00e3o 31\/01\/2020 &nbsp;<\/p>\n","protected":false},"author":1,"featured_media":0,"parent":0,"menu_order":0,"comment_status":"closed","ping_status":"closed","template":"","meta":{"_eb_attr":"","_uag_custom_page_level_css":"","site-sidebar-layout":"default","site-content-layout":"","ast-site-content-layout":"","site-content-style":"default","site-sidebar-style":"default","ast-global-header-display":"","ast-banner-title-visibility":"","ast-main-header-display":"","ast-hfb-above-header-display":"","ast-hfb-below-header-display":"","ast-hfb-mobile-header-display":"","site-post-title":"","ast-breadcrumbs-content":"","ast-featured-img":"","footer-sml-layout":"","theme-transparent-header-meta":"","adv-header-id-meta":"","stick-header-meta":"","header-above-stick-meta":"","header-main-stick-meta":"","header-below-stick-meta":"","astra-migrate-meta-layouts":"","footnotes":""},"class_list":["post-22352","page","type-page","status-publish","hentry"],"uagb_featured_image_src":{"full":false,"thumbnail":false,"medium":false,"medium_large":false,"large":false,"1536x1536":false,"2048x2048":false},"uagb_author_info":{"display_name":"admin","author_link":"https:\/\/www.defensoria.se.def.br\/?author=1"},"uagb_comment_info":0,"uagb_excerpt":"Editais de Convoca\u00e7\u00e3o &nbsp; &nbsp; EDITAL GSPG 008.19 &#8211; Convoca\u00e7\u00e3o de Estagi\u00e1rios (Edital n.\u00ba 001.19.DPSD &#8211; Sim\u00e3o Dias) \u00a0Publica\u00e7\u00e3o\u00a012\/02\/2019 Convoca\u00e7\u00e3o\u00a015\/02\/2019 EDITAL GSPG 007.20 &#8211; Convoca\u00e7\u00e3o de Estagi\u00e1rios (1\u00ba PSE &#8211; Sim\u00e3o Dias) Publica\u00e7\u00e3o 28\/01\/2020 Convoca\u00e7\u00e3o 31\/01\/2020 &nbsp;","_links":{"self":[{"href":"https:\/\/www.defensoria.se.def.br\/index.php?rest_route=\/wp\/v2\/pages\/22352"}],"collection":[{"href":"https:\/\/www.defensoria.se.def.br\/index.php?rest_route=\/wp\/v2\/pages"}],"about":[{"href":"https:\/\/www.defensoria.se.def.br\/index.php?rest_route=\/wp\/v2\/types\/page"}],"author":[{"embeddable":true,"href":"https:\/\/www.defensoria.se.def.br\/index.php?rest_route=\/wp\/v2\/users\/1"}],"replies":[{"embeddable":true,"href":"https:\/\/www.defensoria.se.def.br\/index.php?rest_route=%2Fwp%2Fv2%2Fcomments&post=22352"}],"version-history":[{"count":7,"href":"https:\/\/www.defensoria.se.def.br\/index.php?rest_route=\/wp\/v2\/pages\/22352\/revisions"}],"predecessor-version":[{"id":25078,"href":"https:\/\/www.defensoria.se.def.br\/index.php?rest_route=\/wp\/v2\/pages\/22352\/revisions\/25078"}],"wp:attachment":[{"href":"https:\/\/www.defensoria.se.def.br\/index.php?rest_route=%2Fwp%2Fv2%2Fmedia&parent=22352"}],"curies":[{"name":"wp","href":"https:\/\/api.w.org\/{rel}","templated":true}]}}