{"id":23561,"date":"2019-06-05T12:11:48","date_gmt":"2019-06-05T15:11:48","guid":{"rendered":"https:\/\/www.defensoria.se.def.br\/?page_id=23561"},"modified":"2024-09-06T10:52:27","modified_gmt":"2024-09-06T13:52:27","slug":"fases-do-processo-seletivo-processo-seletivo-n12","status":"publish","type":"page","link":"https:\/\/www.defensoria.se.def.br\/?page_id=23561","title":{"rendered":"Fases do Processo Seletivo Processo Seletivo N\u00b012"},"content":{"rendered":"<h2><\/h2>\n<h2><\/h2>\n<h2 style=\"text-align: center;\"><strong>FASES DO PROCESSO SELETIVO N\u00ba 12<\/strong><\/h2>\n<h4><span style=\"color: #000000;\"><strong>Formul\u00e1rio de Inscri\u00e7\u00e3o<\/strong><\/span><\/h4>\n<h5><span style=\"color: #000000;\"><br \/>\n<a style=\"color: #000000;\" href=\"https:\/\/www.defensoria.se.def.br\/wp-content\/uploads\/2019\/06\/12\u00ba-Processo-Seletivo-Edital-001.2019.CPSE-Abertura-das-inscri\u00e7\u00f5es.pdf\">1. 12\u00ba Processo Seletivo\u00a0&#8211;\u00a0Edital 001.2019.CPSE &#8211; Abertura das inscri\u00e7\u00f5es<\/a><\/span><\/h5>\n<h5><\/h5>\n<h5><span style=\"color: #000000;\"><a style=\"color: #000000;\" href=\"https:\/\/www.defensoria.se.def.br\/wp-content\/uploads\/2019\/06\/2.-12\u00ba-Processo-Seletivo-Edital-n.\u00ba-002.19-Prorroga\u00e7\u00e3o-das-Inscri\u00e7\u00f5es.pdf\">2. 12\u00ba Processo Seletivo &#8211; Edital n.\u00ba 002.19 &#8211; Prorroga\u00e7\u00e3o das Inscri\u00e7\u00f5es<\/a><\/span><\/h5>\n<h5><\/h5>\n<h5><span style=\"color: #000000;\"><a style=\"color: #000000;\" href=\"https:\/\/www.defensoria.se.def.br\/wp-content\/uploads\/2019\/07\/3.-12\u00ba-Processo-Seletivo-Edital-n.\u00ba-003.2019.CPSE-Data-hor\u00e1rio-e-local-das-provas.pdf\">3. 12\u00ba Processo Seletivo &#8211; Edital n.\u00ba 003.2019.CPSE &#8211; Data, hor\u00e1rio e local das provas<\/a><\/span><\/h5>\n<h5><\/h5>\n<h5><span style=\"color: #000000;\"><a style=\"color: #000000;\" href=\"https:\/\/www.defensoria.se.def.br\/wp-content\/uploads\/2019\/07\/4.-12\u00ba-Processo-Seletivo-Edital-n.\u00ba-004.2019.CPSE-Rela\u00e7\u00e3o-provis\u00f3ria-das-inscri\u00e7\u00f5es-deferidas-com-prazo-recursal.pdf\">4. 12\u00ba Processo Seletivo &#8211; Edital n.\u00ba 004.2019.CPSE &#8211; Rela\u00e7\u00e3o provis\u00f3ria das inscri\u00e7\u00f5es deferidas (com prazo <\/a><\/span><\/h5>\n<h5><span style=\"color: #000000;\"><a style=\"color: #000000;\" href=\"https:\/\/www.defensoria.se.def.br\/wp-content\/uploads\/2019\/07\/4.-12\u00ba-Processo-Seletivo-Edital-n.\u00ba-004.2019.CPSE-Rela\u00e7\u00e3o-provis\u00f3ria-das-inscri\u00e7\u00f5es-deferidas-com-prazo-recursal.pdf\">recursal)<\/a><\/span><\/h5>\n<h5><\/h5>\n<h5><span style=\"color: #000000;\"><a style=\"color: #000000;\" href=\"https:\/\/www.defensoria.se.def.br\/wp-content\/uploads\/2019\/07\/1.-12\u00ba-Processo-Seletivo-para-Estagi\u00e1rios-Formul\u00e1rio-de-Recurso-2019-contra-a-rela\u00e7\u00e3o-provis\u00f3ria-das-inscri\u00e7\u00f5es-deferidas.docx\">5. 12\u00ba Processo Seletivo para Estagi\u00e1rios &#8211; Formul\u00e1rio de Recurso 2019 &#8211; contra a rela\u00e7\u00e3o provis\u00f3ria das inscri\u00e7\u00f5es deferidas<\/a><\/span><\/h5>\n<h5><\/h5>\n<h5><span style=\"color: #000000;\"><a style=\"color: #000000;\" href=\"https:\/\/www.defensoria.se.def.br\/wp-content\/uploads\/2019\/07\/5.-12\u00ba-Processo-Seletivo-Edital-n.\u00ba-005.2019.CPSE-Rela\u00e7\u00e3o-definitiva-das-inscri\u00e7\u00f5es-deferidas.pdf\">6. 12\u00ba Processo Seletivo &#8211; Edital n.\u00ba 005.2019.CPSE &#8211; Rela\u00e7\u00e3o definitiva das inscri\u00e7\u00f5es deferidas<\/a><\/span><\/h5>\n<h5><\/h5>\n<h5>7. <span style=\"color: #000000;\"><a style=\"color: #000000;\" href=\"https:\/\/www.defensoria.se.def.br\/wp-content\/uploads\/2019\/06\/Distribui\u00e7\u00e3o-dos-candidatos-por-sala.pdf\">Distribui\u00e7\u00e3o dos candidatos por sala<\/a><\/span><\/h5>\n<h5><\/h5>\n<h5><span style=\"color: #000000;\">8.<a style=\"color: #000000;\" href=\"https:\/\/www.defensoria.se.def.br\/wp-content\/uploads\/2019\/08\/6.-12\u00ba-Processo-Seletivo-Edital-n.\u00ba-006.2019.CPSE-Gabarito-Preliminar-e-Prazo-Recursal.pdf\">12\u00ba Processo Seletivo &#8211; Edital n.\u00ba 006.2019.CPSE &#8211; Gabarito Preliminar e Prazo Recursal<\/a><\/span><\/h5>\n<h5><\/h5>\n<h5><span style=\"color: #000000;\">8.1. <a style=\"color: #000000;\" href=\"https:\/\/www.defensoria.se.def.br\/wp-content\/uploads\/2019\/08\/6.1.-12\u00ba-Processo-Seletivo-para-Estagi\u00e1rios-Formul\u00e1rio-de-Recurso-2019-contra-o-gabarito-preliminar.docx\">12\u00ba Processo Seletivo para Estagi\u00e1rios &#8211; Formul\u00e1rio de Recurso 2019 &#8211; contra o gabarito preliminar<\/a><\/span><\/h5>\n<h5><\/h5>\n<h5>9.\u00a0<span style=\"color: #000000;\"><a style=\"color: #000000;\" href=\"https:\/\/www.defensoria.se.def.br\/wp-content\/uploads\/2019\/08\/9.-12\u00ba-Processo-Seletivo-Edital-n.\u00ba-007.2019.CPSE-Gabarito-Definitivo.pdf\">12\u00ba Processo Seletivo &#8211; Edital n.\u00ba 007.2019.CPSE &#8211; Gabarito Definitivo<\/a><\/span><\/h5>\n<h5><\/h5>\n<h5><span style=\"color: #000000;\"><a style=\"color: #000000;\" href=\"https:\/\/www.defensoria.se.def.br\/wp-content\/uploads\/2019\/06\/10.-12\u00ba-Processo-Seletivo-Edital-n.\u00ba-008.2019.CPSE-Classifica\u00e7\u00e3o-provis\u00f3ria.pdf\">10. 12\u00ba Processo Seletivo &#8211; Edital n.\u00ba 008.2019.CPSE &#8211; Classifica\u00e7\u00e3o provis\u00f3ria<\/a><\/span><\/h5>\n<h5><\/h5>\n<h5><span style=\"color: #000000;\"><a style=\"color: #000000;\" href=\"https:\/\/www.defensoria.se.def.br\/wp-content\/uploads\/2019\/06\/10.1-.-12\u00ba-Processo-Seletivo-para-Estagi\u00e1rios-Formul\u00e1rio-de-Recurso-2019-contra-a-classifica\u00e7\u00e3o-provis\u00f3ria.docx\">10.1 . 12\u00ba Processo Seletivo para Estagi\u00e1rios &#8211; Formul\u00e1rio de Recurso 2019 &#8211; contra a classifica\u00e7\u00e3o <\/a><\/span><\/h5>\n<h5><span style=\"color: #000000;\"><a style=\"color: #000000;\" href=\"https:\/\/www.defensoria.se.def.br\/wp-content\/uploads\/2019\/06\/10.1-.-12\u00ba-Processo-Seletivo-para-Estagi\u00e1rios-Formul\u00e1rio-de-Recurso-2019-contra-a-classifica\u00e7\u00e3o-provis\u00f3ria.docx\">provis\u00f3ria<\/a><\/span><\/h5>\n<h5><\/h5>\n<h5><span style=\"color: #000000;\"><a style=\"color: #000000;\" href=\"https:\/\/www.defensoria.se.def.br\/wp-content\/uploads\/2019\/06\/11.-12\u00ba-Processo-Seletivo-Edital-n.\u00ba-009.2019.CPSE-Classifica\u00e7\u00e3o-definitiva-e-homologa\u00e7\u00e3o.pdf\">11. 12\u00ba Processo Seletivo &#8211; Edital n.\u00ba 009.2019.CPSE &#8211; Classifica\u00e7\u00e3o definitiva e homologa\u00e7\u00e3o<\/a><\/span><\/h5>\n<h4><\/h4>\n","protected":false},"excerpt":{"rendered":"<p>FASES DO PROCESSO SELETIVO N\u00ba 12 Formul\u00e1rio de Inscri\u00e7\u00e3o 1. 12\u00ba Processo Seletivo\u00a0&#8211;\u00a0Edital 001.2019.CPSE &#8211; Abertura das inscri\u00e7\u00f5es 2. 12\u00ba Processo Seletivo &#8211; Edital n.\u00ba 002.19 &#8211; Prorroga\u00e7\u00e3o das Inscri\u00e7\u00f5es 3. 12\u00ba Processo Seletivo &#8211; Edital n.\u00ba 003.2019.CPSE &#8211; Data, hor\u00e1rio e local das provas 4. 12\u00ba Processo Seletivo &#8211; Edital n.\u00ba 004.2019.CPSE &#8211; Rela\u00e7\u00e3o &hellip;<\/p>\n<p class=\"read-more\"> <a class=\"\" href=\"https:\/\/www.defensoria.se.def.br\/?page_id=23561\"> <span class=\"screen-reader-text\">Fases do Processo Seletivo Processo Seletivo N\u00b012<\/span> Read More &raquo;<\/a><\/p>\n","protected":false},"author":10,"featured_media":0,"parent":23556,"menu_order":0,"comment_status":"closed","ping_status":"closed","template":"","meta":{"_eb_attr":"","_uag_custom_page_level_css":"","site-sidebar-layout":"default","site-content-layout":"","ast-site-content-layout":"","site-content-style":"default","site-sidebar-style":"default","ast-global-header-display":"","ast-banner-title-visibility":"","ast-main-header-display":"","ast-hfb-above-header-display":"","ast-hfb-below-header-display":"","ast-hfb-mobile-header-display":"","site-post-title":"","ast-breadcrumbs-content":"","ast-featured-img":"","footer-sml-layout":"","theme-transparent-header-meta":"","adv-header-id-meta":"","stick-header-meta":"","header-above-stick-meta":"","header-main-stick-meta":"","header-below-stick-meta":"","astra-migrate-meta-layouts":"","footnotes":""},"class_list":["post-23561","page","type-page","status-publish","hentry"],"uagb_featured_image_src":{"full":false,"thumbnail":false,"medium":false,"medium_large":false,"large":false,"1536x1536":false,"2048x2048":false},"uagb_author_info":{"display_name":"Raul Mendon\u00e7a","author_link":"https:\/\/www.defensoria.se.def.br\/?author=10"},"uagb_comment_info":0,"uagb_excerpt":"FASES DO PROCESSO SELETIVO N\u00ba 12 Formul\u00e1rio de Inscri\u00e7\u00e3o 1. 12\u00ba Processo Seletivo\u00a0&#8211;\u00a0Edital 001.2019.CPSE &#8211; Abertura das inscri\u00e7\u00f5es 2. 12\u00ba Processo Seletivo &#8211; Edital n.\u00ba 002.19 &#8211; Prorroga\u00e7\u00e3o das Inscri\u00e7\u00f5es 3. 12\u00ba Processo Seletivo &#8211; Edital n.\u00ba 003.2019.CPSE &#8211; Data, hor\u00e1rio e local das provas 4. 12\u00ba Processo Seletivo &#8211; Edital n.\u00ba 004.2019.CPSE &#8211; Rela\u00e7\u00e3o&hellip;","_links":{"self":[{"href":"https:\/\/www.defensoria.se.def.br\/index.php?rest_route=\/wp\/v2\/pages\/23561"}],"collection":[{"href":"https:\/\/www.defensoria.se.def.br\/index.php?rest_route=\/wp\/v2\/pages"}],"about":[{"href":"https:\/\/www.defensoria.se.def.br\/index.php?rest_route=\/wp\/v2\/types\/page"}],"author":[{"embeddable":true,"href":"https:\/\/www.defensoria.se.def.br\/index.php?rest_route=\/wp\/v2\/users\/10"}],"replies":[{"embeddable":true,"href":"https:\/\/www.defensoria.se.def.br\/index.php?rest_route=%2Fwp%2Fv2%2Fcomments&post=23561"}],"version-history":[{"count":35,"href":"https:\/\/www.defensoria.se.def.br\/index.php?rest_route=\/wp\/v2\/pages\/23561\/revisions"}],"predecessor-version":[{"id":38279,"href":"https:\/\/www.defensoria.se.def.br\/index.php?rest_route=\/wp\/v2\/pages\/23561\/revisions\/38279"}],"up":[{"embeddable":true,"href":"https:\/\/www.defensoria.se.def.br\/index.php?rest_route=\/wp\/v2\/pages\/23556"}],"wp:attachment":[{"href":"https:\/\/www.defensoria.se.def.br\/index.php?rest_route=%2Fwp%2Fv2%2Fmedia&parent=23561"}],"curies":[{"name":"wp","href":"https:\/\/api.w.org\/{rel}","templated":true}]}}