{"id":26499,"date":"2021-02-10T13:33:56","date_gmt":"2021-02-10T16:33:56","guid":{"rendered":"https:\/\/www.defensoria.se.def.br\/?page_id=26499"},"modified":"2021-02-10T13:35:12","modified_gmt":"2021-02-10T16:35:12","slug":"editais-de-convocacao-barra-dos-coqueiros-edital-no-122019","status":"publish","type":"page","link":"https:\/\/www.defensoria.se.def.br\/?page_id=26499","title":{"rendered":"Editais de convoca\u00e7\u00e3o Barra dos Coqueiros &#8211; Edital n\u00ba 12\/2019"},"content":{"rendered":"<h3 style=\"text-align: center;\"><strong>Editais de convoca\u00e7\u00e3o Barra dos Coqueiros<\/strong><\/h3>\n<p style=\"text-align: center;\">\u00a0<\/p>\n<h6>\u00a0<\/h6>\n<table class=\" aligncenter\">\n<tbody>\n<tr>\n<td style=\"width: 225px;\">\n<h6 style=\"text-align: center;\"><a href=\"https:\/\/www.defensoria.se.def.br\/wp-content\/uploads\/2021\/02\/EDITAL-GSPG-006.2021-Convoca\u00e7\u00e3o-de-Estagi\u00e1rios-12\u00ba-PSE-Direito-Barra.pdf\">EDITAL GSPG 006.2021 &#8211; Convoca\u00e7\u00e3o de Estagi\u00e1rios (12\u00ba PSE) &#8211; Direito &#8211; Barra<\/a><\/h6>\n<\/td>\n<td style=\"text-align: center;\">\n<h6 style=\"text-align: justify;\"><strong>Publica\u00e7\u00e3o 10\/02\/2021<\/strong><\/h6>\n<h6><strong>Convoca\u00e7\u00e3o 12\/02\/2021<\/strong><\/h6>\n<\/td>\n<\/tr>\n<\/tbody>\n<\/table>\n","protected":false},"excerpt":{"rendered":"<p>Editais de convoca\u00e7\u00e3o Barra dos Coqueiros \u00a0 \u00a0 EDITAL GSPG 006.2021 &#8211; Convoca\u00e7\u00e3o de Estagi\u00e1rios (12\u00ba PSE) &#8211; Direito &#8211; Barra Publica\u00e7\u00e3o 10\/02\/2021 Convoca\u00e7\u00e3o 12\/02\/2021<\/p>\n","protected":false},"author":1,"featured_media":0,"parent":0,"menu_order":0,"comment_status":"closed","ping_status":"closed","template":"","meta":{"_eb_attr":"","_uag_custom_page_level_css":"","site-sidebar-layout":"default","site-content-layout":"","ast-site-content-layout":"","site-content-style":"default","site-sidebar-style":"default","ast-global-header-display":"","ast-banner-title-visibility":"","ast-main-header-display":"","ast-hfb-above-header-display":"","ast-hfb-below-header-display":"","ast-hfb-mobile-header-display":"","site-post-title":"","ast-breadcrumbs-content":"","ast-featured-img":"","footer-sml-layout":"","theme-transparent-header-meta":"","adv-header-id-meta":"","stick-header-meta":"","header-above-stick-meta":"","header-main-stick-meta":"","header-below-stick-meta":"","astra-migrate-meta-layouts":"","footnotes":""},"class_list":["post-26499","page","type-page","status-publish","hentry"],"uagb_featured_image_src":{"full":false,"thumbnail":false,"medium":false,"medium_large":false,"large":false,"1536x1536":false,"2048x2048":false},"uagb_author_info":{"display_name":"admin","author_link":"https:\/\/www.defensoria.se.def.br\/?author=1"},"uagb_comment_info":0,"uagb_excerpt":"Editais de convoca\u00e7\u00e3o Barra dos Coqueiros \u00a0 \u00a0 EDITAL GSPG 006.2021 &#8211; Convoca\u00e7\u00e3o de Estagi\u00e1rios (12\u00ba PSE) &#8211; Direito &#8211; Barra Publica\u00e7\u00e3o 10\/02\/2021 Convoca\u00e7\u00e3o 12\/02\/2021","_links":{"self":[{"href":"https:\/\/www.defensoria.se.def.br\/index.php?rest_route=\/wp\/v2\/pages\/26499"}],"collection":[{"href":"https:\/\/www.defensoria.se.def.br\/index.php?rest_route=\/wp\/v2\/pages"}],"about":[{"href":"https:\/\/www.defensoria.se.def.br\/index.php?rest_route=\/wp\/v2\/types\/page"}],"author":[{"embeddable":true,"href":"https:\/\/www.defensoria.se.def.br\/index.php?rest_route=\/wp\/v2\/users\/1"}],"replies":[{"embeddable":true,"href":"https:\/\/www.defensoria.se.def.br\/index.php?rest_route=%2Fwp%2Fv2%2Fcomments&post=26499"}],"version-history":[{"count":3,"href":"https:\/\/www.defensoria.se.def.br\/index.php?rest_route=\/wp\/v2\/pages\/26499\/revisions"}],"predecessor-version":[{"id":26504,"href":"https:\/\/www.defensoria.se.def.br\/index.php?rest_route=\/wp\/v2\/pages\/26499\/revisions\/26504"}],"wp:attachment":[{"href":"https:\/\/www.defensoria.se.def.br\/index.php?rest_route=%2Fwp%2Fv2%2Fmedia&parent=26499"}],"curies":[{"name":"wp","href":"https:\/\/api.w.org\/{rel}","templated":true}]}}