{"id":27298,"date":"2021-07-20T09:24:48","date_gmt":"2021-07-20T12:24:48","guid":{"rendered":"https:\/\/www.defensoria.se.def.br\/?page_id=27298"},"modified":"2024-10-04T11:30:35","modified_gmt":"2024-10-04T14:30:35","slug":"fases-do-processo-seletivo-no-16","status":"publish","type":"page","link":"https:\/\/www.defensoria.se.def.br\/?page_id=27298","title":{"rendered":"Fases do Processo Seletivo N\u00ba 16"},"content":{"rendered":"\n<h2 class=\"wp-block-heading has-text-align-center has-ast-global-color-0-color has-text-color has-link-color wp-elements-50deb62050a7518f2d95a91ae81237e3\"><br><br><strong>FASES DO PROCESSO SELETIVO N\u00ba16<\/strong><br><\/h2>\n\n\n\n<p>&nbsp;<\/p>\n\n\n\n<h5 class=\"wp-block-heading\"><strong>Acesse abaixo:<\/strong><\/h5>\n\n\n\n<p>&nbsp;<\/p>\n\n\n\n<p class=\"has-medium-font-size\"><span style=\"color: #000000;\"><a href=\"https:\/\/www.defensoria.se.def.br\/wp-content\/uploads\/2021\/07\/01-Cronograma-de-Etapas-16\u00ba-Processo-Seletivo-para-Estagi\u00e1rios-2021-atualizado-em-20.09.2021.pdf\">01 &#8211; Cronograma de Etapas &#8211; 16\u00ba Processo Seletivo para Estagi\u00e1rios &#8211; 2021 &#8211; atualizado em 20.09.2021<\/a><\/span><\/p>\n\n\n\n<p class=\"has-medium-font-size\">&nbsp;<span style=\"color: #000000;\"><a href=\"https:\/\/www.defensoria.se.def.br\/wp-content\/uploads\/2021\/07\/01-16\u00ba-Processo-Seletivo-Edital-n.\u00ba-001.2021.CPSE-Abertura-das-inscri\u00e7\u00f5es.pdf\">01 &#8211; 16\u00ba Processo Seletivo &#8211; Edital n.\u00ba 001.2021.CPSE &#8211; Abertura das inscri\u00e7\u00f5es<\/a><\/span><\/p>\n\n\n\n<p class=\"has-medium-font-size\"><span style=\"color: #000000;\"><a href=\"https:\/\/www.defensoria.se.def.br\/wp-content\/uploads\/2021\/07\/02-16\u00ba-Processo-Seletivo-Edital-n.\u00ba-002.2021.CPSE-Prorroga\u00e7\u00e3o-das-inscri\u00e7\u00f5es.pdf\">02 &#8211; 16\u00ba Processo Seletivo &#8211; Edital n.\u00ba 002.2021.CPSE &#8211; Prorroga\u00e7\u00e3o das inscri\u00e7\u00f5es<\/a><\/span><\/p>\n\n\n\n<p class=\"has-medium-font-size\"><span style=\"color: #000000;\"><a href=\"https:\/\/www.defensoria.se.def.br\/wp-content\/uploads\/2021\/07\/03-16\u00ba-Processo-Seletivo-Edital-n.\u00ba-003.2021.CPSE-Rela\u00e7\u00e3o-Provis\u00f3ria-das-Inscri\u00e7\u00f5es-Deferidas-Prazo-de-Recurso-e-Instu\u00e7\u00f5es-para-Envio-de-Documentos.pdf\">03 &#8211; 16\u00ba Processo Seletivo &#8211; Edital n.\u00ba 003.2021.CPSE &#8211; Rela\u00e7\u00e3o Provis\u00f3ria das Inscri\u00e7\u00f5es Deferidas, Prazo de Recurso e Instu\u00e7\u00f5es para Envio de Documentos<\/a><\/span><\/p>\n\n\n\n<p class=\"has-medium-font-size\"><span style=\"color: #000000;\"><a href=\"https:\/\/www.defensoria.se.def.br\/wp-content\/uploads\/2021\/07\/04-16\u00ba-Processo-Seletivo-Edital-n.\u00ba-004.2021.CPSE-Rela\u00e7\u00e3o-Definitiva-das-Inscri\u00e7\u00f5es-Deferidas.pdf\">04 &#8211; 16\u00ba Processo Seletivo &#8211; Edital n.\u00ba 004.2021.CPSE &#8211; Rela\u00e7\u00e3o Definitiva das Inscri\u00e7\u00f5es Deferidas<\/a><\/span><\/p>\n\n\n\n<p class=\"has-medium-font-size\"><span style=\"color: #000000;\"><a href=\"https:\/\/www.defensoria.se.def.br\/wp-content\/uploads\/2021\/07\/05-16\u00ba-Processo-Seletivo-Edital-n.\u00ba-005.2021.CPSE-Classifica\u00e7\u00e3o-Provis\u00f3ria-e-Prazo-de-Recurso.pdf\">05 &#8211; 16\u00ba Processo Seletivo &#8211; Edital n.\u00ba 005.2021.CPSE &#8211; Classifica\u00e7\u00e3o Provis\u00f3ria e Prazo de Recurso<\/a><\/span><\/p>\n\n\n\n<p class=\"has-medium-font-size\"><span style=\"color: #000000;\"><a href=\"https:\/\/www.defensoria.se.def.br\/wp-content\/uploads\/2021\/07\/5.1-16\u00ba-Processo-Seletivo-Formul\u00e1rio-de-Recurso-Contra-a-Classifica\u00e7\u00e3o-Provis\u00f3ria.docx\">5.1 &#8211; 16\u00ba Processo Seletivo &#8211; Formul\u00e1rio de Recurso &#8211; Contra a Classifica\u00e7\u00e3o Provis\u00f3ria<\/a><\/span><\/p>\n\n\n\n<p class=\"has-medium-font-size\"><span style=\"color: #000000;\"><a href=\"https:\/\/www.defensoria.se.def.br\/wp-content\/uploads\/2021\/07\/06-16\u00ba-Processo-Seletivo-Edital-n.\u00ba-006.2021.CPSE-Resultados-dos-Recursos-Classifica\u00e7\u00e3o-Definitiva-e-Homologa\u00e7\u00e3o.pdf\">06 &#8211; 16\u00ba Processo Seletivo &#8211; Edital n.\u00ba 006.2021.CPSE &#8211; Resultados dos Recursos, Classifica\u00e7\u00e3o Definitiva e Homologa\u00e7\u00e3o<\/a><\/span><\/p>\n\n\n\n<p>&nbsp;<\/p>\n\n\n\n<p>&nbsp;<\/p>\n\n\n\n<p>&nbsp;<\/p>\n","protected":false},"excerpt":{"rendered":"<p>FASES DO PROCESSO SELETIVO N\u00ba16 &nbsp; Acesse abaixo: &nbsp; 01 &#8211; Cronograma de Etapas &#8211; 16\u00ba Processo Seletivo para Estagi\u00e1rios &#8211; 2021 &#8211; atualizado em 20.09.2021 &nbsp;01 &#8211; 16\u00ba Processo Seletivo &#8211; Edital n.\u00ba 001.2021.CPSE &#8211; Abertura das inscri\u00e7\u00f5es 02 &#8211; 16\u00ba Processo Seletivo &#8211; Edital n.\u00ba 002.2021.CPSE &#8211; Prorroga\u00e7\u00e3o das inscri\u00e7\u00f5es 03 &#8211; 16\u00ba &hellip;<\/p>\n<p class=\"read-more\"> <a class=\"\" href=\"https:\/\/www.defensoria.se.def.br\/?page_id=27298\"> <span class=\"screen-reader-text\">Fases do Processo Seletivo N\u00ba 16<\/span> Read More &raquo;<\/a><\/p>\n","protected":false},"author":1,"featured_media":0,"parent":27293,"menu_order":0,"comment_status":"closed","ping_status":"closed","template":"","meta":{"_eb_attr":"","_uag_custom_page_level_css":"","site-sidebar-layout":"default","site-content-layout":"","ast-site-content-layout":"","site-content-style":"default","site-sidebar-style":"default","ast-global-header-display":"","ast-banner-title-visibility":"","ast-main-header-display":"","ast-hfb-above-header-display":"","ast-hfb-below-header-display":"","ast-hfb-mobile-header-display":"","site-post-title":"","ast-breadcrumbs-content":"","ast-featured-img":"","footer-sml-layout":"","theme-transparent-header-meta":"","adv-header-id-meta":"","stick-header-meta":"","header-above-stick-meta":"","header-main-stick-meta":"","header-below-stick-meta":"","astra-migrate-meta-layouts":"","footnotes":""},"class_list":["post-27298","page","type-page","status-publish","hentry"],"uagb_featured_image_src":{"full":false,"thumbnail":false,"medium":false,"medium_large":false,"large":false,"1536x1536":false,"2048x2048":false},"uagb_author_info":{"display_name":"admin","author_link":"https:\/\/www.defensoria.se.def.br\/?author=1"},"uagb_comment_info":0,"uagb_excerpt":"FASES DO PROCESSO SELETIVO N\u00ba16 &nbsp; Acesse abaixo: &nbsp; 01 &#8211; Cronograma de Etapas &#8211; 16\u00ba Processo Seletivo para Estagi\u00e1rios &#8211; 2021 &#8211; atualizado em 20.09.2021 &nbsp;01 &#8211; 16\u00ba Processo Seletivo &#8211; Edital n.\u00ba 001.2021.CPSE &#8211; Abertura das inscri\u00e7\u00f5es 02 &#8211; 16\u00ba Processo Seletivo &#8211; Edital n.\u00ba 002.2021.CPSE &#8211; Prorroga\u00e7\u00e3o das inscri\u00e7\u00f5es 03 &#8211; 16\u00ba&hellip;","_links":{"self":[{"href":"https:\/\/www.defensoria.se.def.br\/index.php?rest_route=\/wp\/v2\/pages\/27298"}],"collection":[{"href":"https:\/\/www.defensoria.se.def.br\/index.php?rest_route=\/wp\/v2\/pages"}],"about":[{"href":"https:\/\/www.defensoria.se.def.br\/index.php?rest_route=\/wp\/v2\/types\/page"}],"author":[{"embeddable":true,"href":"https:\/\/www.defensoria.se.def.br\/index.php?rest_route=\/wp\/v2\/users\/1"}],"replies":[{"embeddable":true,"href":"https:\/\/www.defensoria.se.def.br\/index.php?rest_route=%2Fwp%2Fv2%2Fcomments&post=27298"}],"version-history":[{"count":21,"href":"https:\/\/www.defensoria.se.def.br\/index.php?rest_route=\/wp\/v2\/pages\/27298\/revisions"}],"predecessor-version":[{"id":40510,"href":"https:\/\/www.defensoria.se.def.br\/index.php?rest_route=\/wp\/v2\/pages\/27298\/revisions\/40510"}],"up":[{"embeddable":true,"href":"https:\/\/www.defensoria.se.def.br\/index.php?rest_route=\/wp\/v2\/pages\/27293"}],"wp:attachment":[{"href":"https:\/\/www.defensoria.se.def.br\/index.php?rest_route=%2Fwp%2Fv2%2Fmedia&parent=27298"}],"curies":[{"name":"wp","href":"https:\/\/api.w.org\/{rel}","templated":true}]}}