{"id":31305,"date":"2023-03-23T14:12:34","date_gmt":"2023-03-23T17:12:34","guid":{"rendered":"https:\/\/www.defensoria.se.def.br\/?page_id=31305"},"modified":"2026-01-12T10:33:02","modified_gmt":"2026-01-12T13:33:02","slug":"calendarios","status":"publish","type":"page","link":"https:\/\/www.defensoria.se.def.br\/?page_id=31305","title":{"rendered":"Calend\u00e1rio da Defensoria"},"content":{"rendered":"\n<p><br><\/p>\n\n\n\n<h1 class=\"wp-block-heading has-text-align-center has-ast-global-color-0-color has-text-color has-link-color wp-elements-6a75d15f963dd839eab1b801997627da\"><strong>Feriados e Pontos Facultativos<\/strong><\/h1>\n\n\n\n<h4 class=\"wp-block-heading has-text-align-center\"><br><br><strong>\u00a0<a href=\"https:\/\/www.defensoria.se.def.br\/wp-content\/uploads\/2026\/01\/CALENDARIO-2026.pdf\" data-type=\"link\" data-id=\"https:\/\/www.defensoria.se.def.br\/wp-content\/uploads\/2024\/09\/CALENDARIO-2025.pdf\" target=\"_blank\" rel=\"noreferrer noopener\">CALEND\u00c1RIO 2026<\/a><\/strong><\/h4>\n\n\n\n\n\n<h4 class=\"wp-block-heading has-text-align-center\"><strong><a href=\"https:\/\/www.defensoria.se.def.br\/wp-content\/uploads\/2025\/05\/CALENDARIO-2025.pdf\" data-type=\"link\" data-id=\"https:\/\/www.defensoria.se.def.br\/wp-content\/uploads\/2024\/09\/CALENDARIO-2025.pdf\" target=\"_blank\" rel=\"noreferrer noopener\"><span>CALEND\u00c1RIO 2025<\/span><\/a><\/strong><\/h4>\n\n\n\n<h4 class=\"wp-block-heading has-text-align-center\"><strong><span style=\"color: #000000;\"><a href=\"https:\/\/www.defensoria.se.def.br\/wp-content\/uploads\/2025\/05\/CALENDARIO-2024-alterado.pdf\" target=\"_blank\" rel=\"noreferrer noopener\">CALEND\u00c1RIO 2024<\/a><\/span><\/strong><\/h4>\n\n\n\n<p><\/p>\n\n\n\n<h4 class=\"wp-block-heading has-text-align-center\"><strong><span style=\"color: #000000;\"><a href=\"https:\/\/www.defensoria.se.def.br\/wp-content\/uploads\/2025\/05\/CALENDARIO-2023-alterado.pdf\" target=\"_blank\" rel=\"noreferrer noopener\">CALEND\u00c1RIO 2023<\/a><\/span><\/strong><\/h4>\n\n\n\n<p>&nbsp;<br><\/p>\n","protected":false},"excerpt":{"rendered":"<p>Feriados e Pontos Facultativos \u00a0CALEND\u00c1RIO 2026 CALEND\u00c1RIO 2025 CALEND\u00c1RIO 2024 CALEND\u00c1RIO 2023 &nbsp;<\/p>\n","protected":false},"author":15,"featured_media":0,"parent":589,"menu_order":0,"comment_status":"closed","ping_status":"closed","template":"","meta":{"_eb_attr":"","_uag_custom_page_level_css":"","site-sidebar-layout":"default","site-content-layout":"","ast-site-content-layout":"","site-content-style":"default","site-sidebar-style":"default","ast-global-header-display":"","ast-banner-title-visibility":"","ast-main-header-display":"","ast-hfb-above-header-display":"","ast-hfb-below-header-display":"","ast-hfb-mobile-header-display":"","site-post-title":"","ast-breadcrumbs-content":"","ast-featured-img":"","footer-sml-layout":"","theme-transparent-header-meta":"","adv-header-id-meta":"","stick-header-meta":"","header-above-stick-meta":"","header-main-stick-meta":"","header-below-stick-meta":"","astra-migrate-meta-layouts":"","footnotes":""},"class_list":["post-31305","page","type-page","status-publish","hentry"],"uagb_featured_image_src":{"full":false,"thumbnail":false,"medium":false,"medium_large":false,"large":false,"1536x1536":false,"2048x2048":false},"uagb_author_info":{"display_name":"Daniel Silva","author_link":"https:\/\/www.defensoria.se.def.br\/?author=15"},"uagb_comment_info":0,"uagb_excerpt":"Feriados e Pontos Facultativos \u00a0CALEND\u00c1RIO 2026 CALEND\u00c1RIO 2025 CALEND\u00c1RIO 2024 CALEND\u00c1RIO 2023 &nbsp;","_links":{"self":[{"href":"https:\/\/www.defensoria.se.def.br\/index.php?rest_route=\/wp\/v2\/pages\/31305"}],"collection":[{"href":"https:\/\/www.defensoria.se.def.br\/index.php?rest_route=\/wp\/v2\/pages"}],"about":[{"href":"https:\/\/www.defensoria.se.def.br\/index.php?rest_route=\/wp\/v2\/types\/page"}],"author":[{"embeddable":true,"href":"https:\/\/www.defensoria.se.def.br\/index.php?rest_route=\/wp\/v2\/users\/15"}],"replies":[{"embeddable":true,"href":"https:\/\/www.defensoria.se.def.br\/index.php?rest_route=%2Fwp%2Fv2%2Fcomments&post=31305"}],"version-history":[{"count":30,"href":"https:\/\/www.defensoria.se.def.br\/index.php?rest_route=\/wp\/v2\/pages\/31305\/revisions"}],"predecessor-version":[{"id":49036,"href":"https:\/\/www.defensoria.se.def.br\/index.php?rest_route=\/wp\/v2\/pages\/31305\/revisions\/49036"}],"up":[{"embeddable":true,"href":"https:\/\/www.defensoria.se.def.br\/index.php?rest_route=\/wp\/v2\/pages\/589"}],"wp:attachment":[{"href":"https:\/\/www.defensoria.se.def.br\/index.php?rest_route=%2Fwp%2Fv2%2Fmedia&parent=31305"}],"curies":[{"name":"wp","href":"https:\/\/api.w.org\/{rel}","templated":true}]}}

Calendário da Defensoria

<p><br></p>



<h1 class="wp-block-heading has-text-align-center has-ast-global-color-0-color has-text-color has-link-color wp-elements-6a75d15f963dd839eab1b801997627da"><strong>Feriados e Pontos Facultativos</strong></h1>



<h4 class="wp-block-heading has-text-align-center"><br><br><strong> <a href="https://www.defensoria.se.def.br/wp-content/uploads/2026/01/CALENDARIO-2026.pdf" data-type="link" data-id="https://www.defensoria.se.def.br/wp-content/uploads/2024/09/CALENDARIO-2025.pdf" target="_blank" rel="noreferrer noopener">CALENDÁRIO 2026</a></strong></h4>





<h4 class="wp-block-heading has-text-align-center"><strong><a href="https://www.defensoria.se.def.br/wp-content/uploads/2025/05/CALENDARIO-2025.pdf" data-type="link" data-id="https://www.defensoria.se.def.br/wp-content/uploads/2024/09/CALENDARIO-2025.pdf" target="_blank" rel="noreferrer noopener"><span>CALENDÁRIO 2025</span></a></strong></h4>



<h4 class="wp-block-heading has-text-align-center"><strong><span style="color: #000000;"><a href="https://www.defensoria.se.def.br/wp-content/uploads/2025/05/CALENDARIO-2024-alterado.pdf" target="_blank" rel="noreferrer noopener">CALENDÁRIO 2024</a></span></strong></h4>



<p></p>



<h4 class="wp-block-heading has-text-align-center"><strong><span style="color: #000000;"><a href="https://www.defensoria.se.def.br/wp-content/uploads/2025/05/CALENDARIO-2023-alterado.pdf" target="_blank" rel="noreferrer noopener">CALENDÁRIO 2023</a></span></strong></h4>



<p>&nbsp;<br></p>

<p>Feriados e Pontos Facultativos  CALENDÁRIO 2026 CALENDÁRIO 2025 CALENDÁRIO 2024 CALENDÁRIO 2023 &nbsp;</p>

Feriados e Pontos Facultativos  CALENDÁRIO 2026 CALENDÁRIO 2025 CALENDÁRIO 2024 CALENDÁRIO 2023 &nbsp;
