{"id":31412,"date":"2023-04-05T08:32:57","date_gmt":"2023-04-05T11:32:57","guid":{"rendered":"https:\/\/www.defensoria.se.def.br\/?page_id=31412"},"modified":"2025-04-24T10:15:17","modified_gmt":"2025-04-24T13:15:17","slug":"fases-do-processo-seletivo-no21","status":"publish","type":"page","link":"https:\/\/www.defensoria.se.def.br\/?page_id=31412","title":{"rendered":"FASES DO PROCESSO SELETIVO N\u00ba21"},"content":{"rendered":"\n<h2 class=\"wp-block-heading\">&nbsp;<\/h2>\n\n\n\n<h2 class=\"wp-block-heading has-text-align-center has-ast-global-color-0-color has-text-color has-link-color wp-elements-553ddf45927ceeb3c4731cadb9dafbe2\"><strong>FASES DO PROCESSO SELETIVO N\u00ba21<\/strong><\/h2>\n\n\n\n<h3 class=\"wp-block-heading\">&nbsp;<\/h3>\n\n\n\n<figure class=\"wp-block-table is-style-stripes has-medium-font-size\"><table class=\"has-border-color has-black-border-color has-fixed-layout\" style=\"border-width:1px\"><tbody><tr><td><a href=\"https:\/\/www.defensoria.se.def.br\/wp-content\/uploads\/2023\/04\/01-21\u00ba-Processo-Seletivo-Edital-n.\u00ba-001.2023.CPSE-Abertura-das-inscri\u00e7\u00f5es-1.pdf\">01 &#8211; 21\u00ba Processo Seletivo &#8211; Edital n.\u00ba 001.2023.CPSE &#8211; Abertura das inscri\u00e7\u00f5es<\/a><\/td><\/tr><tr><td><a href=\"https:\/\/www.defensoria.se.def.br\/wp-content\/uploads\/2023\/04\/02-21\u00ba-Processo-Seletivo-Edital-n.\u00ba-002.2023.CPSE-Lista-Provis\u00f3ria-dos-Inscritos-para-02.05.23-1.pdf\">02 &#8211; 21\u00ba Processo Seletivo &#8211; Edital n.\u00ba 002.2023.CPSE &#8211; Lista Provis\u00f3ria dos Inscritos (para 02.05.23)<\/a><\/td><\/tr><tr><td><a href=\"https:\/\/www.defensoria.se.def.br\/wp-content\/uploads\/2023\/04\/2.1-21\u00ba-Processo-Seletivo-Formul\u00e1rio-de-Recurso-Contra-a-lista-provis\u00f3ria-dos-inscritos.docx\">2.1 &#8211; 21\u00ba Processo Seletivo &#8211; Formul\u00e1rio de Recurso &#8211; Contra a lista provis\u00f3ria dos inscritos<\/a><\/td><\/tr><tr><td><a href=\"https:\/\/www.defensoria.se.def.br\/wp-content\/uploads\/2023\/04\/03-21\u00ba-Processo-Seletivo-Edital-n.\u00ba-003.2023.CPSE-Convoca\u00e7\u00e3o-para-Entrevista-de-Heteroidentifica\u00e7\u00e3o.pdf\">03 &#8211; 21\u00ba Processo Seletivo &#8211; Edital n.\u00ba 003.2023.CPSE &#8211; Convoca\u00e7\u00e3o para Entrevista de Heteroidentifica\u00e7\u00e3o<\/a><\/td><\/tr><tr><td><a href=\"https:\/\/www.defensoria.se.def.br\/wp-content\/uploads\/2023\/04\/04-21\u00ba-Processo-Seletivo-Edital-n.\u00ba-004.2023.CPSE-Lista-Definitiva-dos-Inscritos.pdf\">04 &#8211; 21\u00ba Processo Seletivo &#8211; Edital n.\u00ba 004.2023.CPSE &#8211; Lista Definitiva dos Inscritos<\/a><\/td><\/tr><tr><td><a href=\"https:\/\/www.defensoria.se.def.br\/wp-content\/uploads\/2023\/04\/05-21\u00ba-Processo-Seletivo-Edital-n.\u00ba-005.2023.CPSE-Classifica\u00e7\u00e3o-Provis\u00f3ria-e-Prazo-de-Recurso.pdf\">05 &#8211; 21\u00ba Processo Seletivo &#8211; Edital n.\u00ba 005.2023.CPSE &#8211; Classifica\u00e7\u00e3o Provis\u00f3ria e Prazo de Recurso<\/a><\/td><\/tr><tr><td><a href=\"https:\/\/www.defensoria.se.def.br\/wp-content\/uploads\/2023\/04\/5.1-21\u00ba-Processo-Seletivo-Formul\u00e1rio-de-Recurso-Contra-a-Classifica\u00e7\u00e3o-Provis\u00f3ria.docx\">5.1 &#8211; 21\u00ba Processo Seletivo &#8211; Formul\u00e1rio de Recurso &#8211; Contra a Classifica\u00e7\u00e3o Provis\u00f3ria<\/a><\/td><\/tr><tr><td><a href=\"https:\/\/www.defensoria.se.def.br\/wp-content\/uploads\/2023\/04\/06-21\u00ba-Processo-Seletivo-Edital-n.\u00ba-006.2023.CPSE-Classifica\u00e7\u00e3o-Definitiva-e-Homologa\u00e7\u00e3o.pdf\">06 &#8211; 21\u00ba Processo Seletivo &#8211; Edital n.\u00ba 006.2023.CPSE &#8211; Classifica\u00e7\u00e3o Definitiva e Homologa\u00e7\u00e3o<\/a><\/td><\/tr><\/tbody><\/table><\/figure>\n\n\n\n<h5 class=\"wp-block-heading\"><strong>Acesse abaixo:<\/strong><\/h5>\n\n\n\n<p><br \/><br \/><br \/><br \/><br \/><\/p>\n\n\n\n<p>&nbsp;<\/p>\n","protected":false},"excerpt":{"rendered":"<p>&nbsp; FASES DO PROCESSO SELETIVO N\u00ba21 &nbsp; 01 &#8211; 21\u00ba Processo Seletivo &#8211; Edital n.\u00ba 001.2023.CPSE &#8211; Abertura das inscri\u00e7\u00f5es 02 &#8211; 21\u00ba Processo Seletivo &#8211; Edital n.\u00ba 002.2023.CPSE &#8211; Lista Provis\u00f3ria dos Inscritos (para 02.05.23) 2.1 &#8211; 21\u00ba Processo Seletivo &#8211; Formul\u00e1rio de Recurso &#8211; Contra a lista provis\u00f3ria dos inscritos 03 &#8211; 21\u00ba &hellip;<\/p>\n<p class=\"read-more\"> <a class=\"\" href=\"https:\/\/www.defensoria.se.def.br\/?page_id=31412\"> <span class=\"screen-reader-text\">FASES DO PROCESSO SELETIVO N\u00ba21<\/span> Read More &raquo;<\/a><\/p>\n","protected":false},"author":1,"featured_media":0,"parent":31408,"menu_order":0,"comment_status":"closed","ping_status":"closed","template":"","meta":{"_eb_attr":"","_uag_custom_page_level_css":"","site-sidebar-layout":"default","site-content-layout":"","ast-site-content-layout":"","site-content-style":"default","site-sidebar-style":"default","ast-global-header-display":"","ast-banner-title-visibility":"","ast-main-header-display":"","ast-hfb-above-header-display":"","ast-hfb-below-header-display":"","ast-hfb-mobile-header-display":"","site-post-title":"","ast-breadcrumbs-content":"","ast-featured-img":"","footer-sml-layout":"","theme-transparent-header-meta":"","adv-header-id-meta":"","stick-header-meta":"","header-above-stick-meta":"","header-main-stick-meta":"","header-below-stick-meta":"","astra-migrate-meta-layouts":"","footnotes":""},"class_list":["post-31412","page","type-page","status-publish","hentry"],"uagb_featured_image_src":{"full":false,"thumbnail":false,"medium":false,"medium_large":false,"large":false,"1536x1536":false,"2048x2048":false},"uagb_author_info":{"display_name":"admin","author_link":"https:\/\/www.defensoria.se.def.br\/?author=1"},"uagb_comment_info":0,"uagb_excerpt":"&nbsp; FASES DO PROCESSO SELETIVO N\u00ba21 &nbsp; 01 &#8211; 21\u00ba Processo Seletivo &#8211; Edital n.\u00ba 001.2023.CPSE &#8211; Abertura das inscri\u00e7\u00f5es 02 &#8211; 21\u00ba Processo Seletivo &#8211; Edital n.\u00ba 002.2023.CPSE &#8211; Lista Provis\u00f3ria dos Inscritos (para 02.05.23) 2.1 &#8211; 21\u00ba Processo Seletivo &#8211; Formul\u00e1rio de Recurso &#8211; Contra a lista provis\u00f3ria dos inscritos 03 &#8211; 21\u00ba&hellip;","_links":{"self":[{"href":"https:\/\/www.defensoria.se.def.br\/index.php?rest_route=\/wp\/v2\/pages\/31412"}],"collection":[{"href":"https:\/\/www.defensoria.se.def.br\/index.php?rest_route=\/wp\/v2\/pages"}],"about":[{"href":"https:\/\/www.defensoria.se.def.br\/index.php?rest_route=\/wp\/v2\/types\/page"}],"author":[{"embeddable":true,"href":"https:\/\/www.defensoria.se.def.br\/index.php?rest_route=\/wp\/v2\/users\/1"}],"replies":[{"embeddable":true,"href":"https:\/\/www.defensoria.se.def.br\/index.php?rest_route=%2Fwp%2Fv2%2Fcomments&post=31412"}],"version-history":[{"count":20,"href":"https:\/\/www.defensoria.se.def.br\/index.php?rest_route=\/wp\/v2\/pages\/31412\/revisions"}],"predecessor-version":[{"id":44006,"href":"https:\/\/www.defensoria.se.def.br\/index.php?rest_route=\/wp\/v2\/pages\/31412\/revisions\/44006"}],"up":[{"embeddable":true,"href":"https:\/\/www.defensoria.se.def.br\/index.php?rest_route=\/wp\/v2\/pages\/31408"}],"wp:attachment":[{"href":"https:\/\/www.defensoria.se.def.br\/index.php?rest_route=%2Fwp%2Fv2%2Fmedia&parent=31412"}],"curies":[{"name":"wp","href":"https:\/\/api.w.org\/{rel}","templated":true}]}}