{"id":38085,"date":"2024-09-04T08:58:23","date_gmt":"2024-09-04T11:58:23","guid":{"rendered":"https:\/\/www.defensoria.se.def.br\/?page_id=38085"},"modified":"2026-02-27T09:34:59","modified_gmt":"2026-02-27T12:34:59","slug":"najt","status":"publish","type":"page","link":"https:\/\/www.defensoria.se.def.br\/?page_id=38085","title":{"rendered":"Assist\u00eancia Jur\u00eddica dos Tribunais Superiores"},"content":{"rendered":"\n<h3 class=\"wp-block-heading\">&nbsp;<\/h3>\n\n\n\n<h1 class=\"wp-block-heading\"><span style=\"color: #007749;\"><strong>N\u00facleo de Assist\u00eancia Jur\u00eddica dos Tribunais Superiores (NAJT)<\/strong><\/span><\/h1>\n\n\n\n<p class=\"has-text-align-center\">Resolu\u00e7\u00e3o n\u00ba 014\/2022<\/p>\n\n\n\n<p><span style=\"color: #007749;\"><strong>DIRETOR:<\/strong><\/span><\/p>\n\n\n\n<p><strong>Dr. Gustavo Dantas Carvalho<\/strong> &#8211; Port. 039\/2023 e Port. n\u00ba 132\/2025 <br>&#8211; Atuar como representante Suplente desta Institui\u00e7\u00e3o no GAETS<\/p>\n\n\n\n<p><strong>&nbsp;<\/strong><\/p>\n\n\n\n<p><span style=\"color: #007749;\"><strong>MEMBRO:<\/strong><\/span><\/p>\n\n\n\n<p>Dr. Saulo Lamartine Macedo &#8211; Port. 200\/2025<\/p>\n\n\n\n<p>&nbsp;<\/p>\n\n\n\n<p><span style=\"color: #007749;\"><strong>HIST\u00d3RICO:<\/strong><\/span><\/p>\n\n\n\n<p>O N\u00facleo de Assist\u00eancia Jur\u00eddica dos Tribunais Superiores (NAJT) tem atua\u00e7\u00e3o nos processos origin\u00e1rios e recursos decorrentes da atividade defensorial perante as Turmas Nacionais de Uniformiza\u00e7\u00e3o e Tribunais Superiores, garantindo ao usu\u00e1rio da Defensoria P\u00fablica do Estado o efetivo atendimento at\u00e9 \u00e0s ultimas inst\u00e2ncias recursais. \u00c9 composto por 02 (dois) Defensores P\u00fablicos.<\/p>\n\n\n\n<p>Algumas atribui\u00e7\u00f5es dos membros do NAJT: propor as a\u00e7\u00f5es e medidas judiciais de compet\u00eancia origin\u00e1ria de tribunais superiores na esfera de atribui\u00e7\u00e3o desta Defensoria P\u00fablica, bem como a realiza\u00e7\u00e3o dos atos judiciais que lhes forem consequentes; interpor recursos de compet\u00eancia de tribunais superiores na esfera de atribui\u00e7\u00e3o desta Defensoria P\u00fablica, bem como a realiza\u00e7\u00e3o dos atos judiciais que lhes forem consequentes; realizar sustenta\u00e7\u00f5es orais em raz\u00e3o da atua\u00e7\u00e3o prevista nos incisos anteriores, preferencialmente por meio telepresencial quando for poss\u00edvel ou, quando recomend\u00e1vel a ju\u00edzo do Diretor do N\u00facleo, este solicite autoriza\u00e7\u00e3o ao Defensor P\u00fablico-Geral para sua realiza\u00e7\u00e3o presencial, que decidir\u00e1 por ju\u00edzo de oportunidade e conveni\u00eancia; realizar o atendimento das partes; entre outras.<\/p>\n\n\n\n<p>&nbsp;<br><br><br><\/p>\n","protected":false},"excerpt":{"rendered":"<p>&nbsp; N\u00facleo de Assist\u00eancia Jur\u00eddica dos Tribunais Superiores (NAJT) Resolu\u00e7\u00e3o n\u00ba 014\/2022 DIRETOR: Dr. Gustavo Dantas Carvalho &#8211; Port. 039\/2023 e Port. n\u00ba 132\/2025 &#8211; Atuar como representante Suplente desta Institui\u00e7\u00e3o no GAETS &nbsp; MEMBRO: Dr. Saulo Lamartine Macedo &#8211; Port. 200\/2025 &nbsp; HIST\u00d3RICO: O N\u00facleo de Assist\u00eancia Jur\u00eddica dos Tribunais Superiores (NAJT) tem atua\u00e7\u00e3o &hellip;<\/p>\n<p class=\"read-more\"> <a class=\"\" href=\"https:\/\/www.defensoria.se.def.br\/?page_id=38085\"> <span class=\"screen-reader-text\">Assist\u00eancia Jur\u00eddica dos Tribunais Superiores<\/span> Read More &raquo;<\/a><\/p>\n","protected":false},"author":17,"featured_media":0,"parent":458,"menu_order":0,"comment_status":"closed","ping_status":"closed","template":"","meta":{"_eb_attr":"","_uag_custom_page_level_css":"","site-sidebar-layout":"default","site-content-layout":"","ast-site-content-layout":"","site-content-style":"default","site-sidebar-style":"default","ast-global-header-display":"","ast-banner-title-visibility":"","ast-main-header-display":"","ast-hfb-above-header-display":"","ast-hfb-below-header-display":"","ast-hfb-mobile-header-display":"","site-post-title":"","ast-breadcrumbs-content":"","ast-featured-img":"","footer-sml-layout":"","theme-transparent-header-meta":"","adv-header-id-meta":"","stick-header-meta":"","header-above-stick-meta":"","header-main-stick-meta":"","header-below-stick-meta":"","astra-migrate-meta-layouts":"","footnotes":""},"class_list":["post-38085","page","type-page","status-publish","hentry"],"uagb_featured_image_src":{"full":false,"thumbnail":false,"medium":false,"medium_large":false,"large":false,"1536x1536":false,"2048x2048":false},"uagb_author_info":{"display_name":"Sillas Muritiba","author_link":"https:\/\/www.defensoria.se.def.br\/?author=17"},"uagb_comment_info":0,"uagb_excerpt":"&nbsp; N\u00facleo de Assist\u00eancia Jur\u00eddica dos Tribunais Superiores (NAJT) Resolu\u00e7\u00e3o n\u00ba 014\/2022 DIRETOR: Dr. Gustavo Dantas Carvalho &#8211; Port. 039\/2023 e Port. n\u00ba 132\/2025 &#8211; Atuar como representante Suplente desta Institui\u00e7\u00e3o no GAETS &nbsp; MEMBRO: Dr. Saulo Lamartine Macedo &#8211; Port. 200\/2025 &nbsp; HIST\u00d3RICO: O N\u00facleo de Assist\u00eancia Jur\u00eddica dos Tribunais Superiores (NAJT) tem atua\u00e7\u00e3o&hellip;","_links":{"self":[{"href":"https:\/\/www.defensoria.se.def.br\/index.php?rest_route=\/wp\/v2\/pages\/38085"}],"collection":[{"href":"https:\/\/www.defensoria.se.def.br\/index.php?rest_route=\/wp\/v2\/pages"}],"about":[{"href":"https:\/\/www.defensoria.se.def.br\/index.php?rest_route=\/wp\/v2\/types\/page"}],"author":[{"embeddable":true,"href":"https:\/\/www.defensoria.se.def.br\/index.php?rest_route=\/wp\/v2\/users\/17"}],"replies":[{"embeddable":true,"href":"https:\/\/www.defensoria.se.def.br\/index.php?rest_route=%2Fwp%2Fv2%2Fcomments&post=38085"}],"version-history":[{"count":11,"href":"https:\/\/www.defensoria.se.def.br\/index.php?rest_route=\/wp\/v2\/pages\/38085\/revisions"}],"predecessor-version":[{"id":49745,"href":"https:\/\/www.defensoria.se.def.br\/index.php?rest_route=\/wp\/v2\/pages\/38085\/revisions\/49745"}],"up":[{"embeddable":true,"href":"https:\/\/www.defensoria.se.def.br\/index.php?rest_route=\/wp\/v2\/pages\/458"}],"wp:attachment":[{"href":"https:\/\/www.defensoria.se.def.br\/index.php?rest_route=%2Fwp%2Fv2%2Fmedia&parent=38085"}],"curies":[{"name":"wp","href":"https:\/\/api.w.org\/{rel}","templated":true}]}}