{"id":447,"date":"2012-06-04T02:51:12","date_gmt":"2012-06-04T02:51:12","guid":{"rendered":"http:\/\/www.defensoria.se.def.br\/?page_id=447"},"modified":"2019-02-13T10:18:55","modified_gmt":"2019-02-13T13:18:55","slug":"estagio","status":"publish","type":"page","link":"https:\/\/www.defensoria.se.def.br\/?page_id=447","title":{"rendered":"Est\u00e1gio"},"content":{"rendered":"<p style=\"text-align: center;\"><span style=\"text-decoration: underline; font-size: x-large; color: #000000;\"><strong>EST\u00c1GIO<\/p>\n<p> <\/strong><\/span><\/p>\n<p style=\"text-align: center;\"><span style=\"color: #000000;\">\u00a0<\/span><\/p>\n<p style=\"text-align: center;\"><span style=\"font-size: medium; color: #000000;\"><strong><em>Clique nos links abaixo para acessar as informa\u00e7\u00f5es<\/em><\/strong><\/span><\/p>\n<p style=\"text-align: center;\"><span style=\"color: #000000;\">\u00a0<\/span><\/p>\n<h3 style=\"text-align: left;\"><strong><span style=\"color: #000000;\">Ano: 2019<\/span><\/strong><\/h3>\n<p>&nbsp;<\/p>\n<h5><strong><span style=\"color: #000000;\"><a style=\"color: #000000;\" href=\"http:\/\/www.defensoria.se.def.br\/?page_id=21653\">Editais de convoca\u00e7\u00e3o<\/a><\/span><\/strong><\/h5>\n<h5>\u00a0<\/h5>\n<h5><strong><span style=\"color: #000000;\"><a style=\"color: #000000;\" href=\"https:\/\/www.defensoria.se.def.br\/?page_id=22242\">Processo Seletivo Simplificado<\/a> &#8211; Sim\u00e3o Dias<\/span><\/strong><\/h5>\n<p>&nbsp;<\/p>\n<h3 style=\"text-align: left;\"><strong><span style=\"color: #000000;\">Ano: 2018<\/span><\/strong><\/h3>\n<p>&nbsp;<\/p>\n<p><strong><span style=\"color: #000000;\"><a style=\"color: #000000;\" href=\"http:\/\/www.defensoria.se.def.br\/wp-content\/uploads\/2012\/06\/Termo-de-Homologa\u00e7\u00e3o-Processo-Seletivo-2018.pdf\">Termo de Homologa\u00e7\u00e3o &#8211; Processo Seletivo 2018<\/a><\/span><\/strong><\/p>\n<p>&nbsp;<\/p>\n<p><strong><span style=\"color: #000000;\"><a style=\"color: #000000;\" href=\"http:\/\/www.defensoria.se.def.br\/wp-content\/uploads\/2012\/06\/Edital-009.2018.CPSE-Classifica\u00e7\u00e3o-Definitiva.pdf\">Edital 009.2018.CPSE &#8211; Classifica\u00e7\u00e3o Definitiva<\/a><\/span><\/strong><\/p>\n<p>&nbsp;<\/p>\n<p><strong><span style=\"color: #000000;\"><a style=\"color: #000000;\" href=\"http:\/\/www.defensoria.se.def.br\/wp-content\/uploads\/2012\/06\/Edital-008.2018.CPSE-Classifica\u00e7\u00e3o-Provis\u00f3ria-e-Prazo-Recursal.pdf\">Edital 008.2018.CPSE &#8211; Classifica\u00e7\u00e3o Provis\u00f3ria e Prazo Recursal<\/a><\/span><\/strong><\/p>\n<p>&nbsp;<\/p>\n<p><strong><span style=\"color: #000000;\"><a style=\"color: #000000;\" href=\"http:\/\/www.defensoria.se.def.br\/wp-content\/uploads\/2012\/06\/FORMUL\u00c1RIO-DE-RECURSO-2018-CONTRA-A-CLASSIFICA\u00c7\u00c3O-PROVIS\u00d3RIA.pdf\">FORMUL\u00c1RIO DE RECURSO 2018 &#8211; CONTRA A CLASSIFICA\u00c7\u00c3O PROVIS\u00d3RIA<\/a><\/span><\/strong><\/p>\n<div align=\"center\">\u00a0<\/div>\n<div style=\"text-align: left;\" align=\"center\"><span style=\"color: #000000;\"><strong><a style=\"color: #000000;\" href=\"http:\/\/www.defensoria.se.def.br\/wp-content\/uploads\/2012\/06\/7.-Edital-007.2018.CPSE-Gabarito-Definitivo-com-os-Recursos-Apresentados.pdf\">Edital 007.2018.CPSE &#8211; Gabarito Definitivo com os Recursos Apresentados<\/a><\/strong><\/span><\/div>\n<div align=\"center\">\u00a0<\/div>\n<div style=\"text-align: left;\" align=\"center\"><span style=\"color: #000000;\"><strong><a style=\"color: #000000;\" href=\"http:\/\/www.defensoria.se.def.br\/wp-content\/uploads\/2012\/06\/2.-FORMUL\u00c1RIO-DE-RECURSO-2018-CONTRA-O-GABARITO-PRELIMINAR.pdf\">FORMUL\u00c1RIO DE RECURSO 2018 &#8211; CONTRA O GABARITO PRELIMINAR<\/a><\/strong><\/span><\/div>\n<div align=\"center\">\u00a0<\/div>\n<div style=\"text-align: left;\" align=\"center\"><strong><span style=\"color: #000000;\"><a style=\"color: #000000;\" href=\"http:\/\/www.defensoria.se.def.br\/wp-content\/uploads\/2012\/06\/Edital-006.2018.CPSE-Gabarito-Preliminar-e-Prazo-Recursal.pdf\">Edital 006.2018.CPSE &#8211; Gabarito Preliminar e Prazo Recursal<\/a><\/span><\/strong>\u00a0<\/div>\n<div align=\"center\">\u00a0<\/div>\n<div style=\"text-align: left;\" align=\"center\">\u00a0<span style=\"color: #000000;\"><strong><a style=\"color: #000000;\" href=\"http:\/\/www.defensoria.se.def.br\/wp-content\/uploads\/2012\/06\/A-Comiss\u00e3o-de-Processo-Seletivo-para-Estagi\u00e1rios-torna-p\u00fablico-a-Lista-de-Candidatos-por-Salas-INDICA\u00c7\u00c3O-DAS-SALAS.pdf\">A Comiss\u00e3o de Processo Seletivo para Estagi\u00e1rios torna p\u00fablico a Lista de Candidatos por Salas &#8211; INDICA\u00c7\u00c3O DAS SALAS<\/a><\/strong><\/span><\/div>\n<div align=\"center\">\u00a0<\/div>\n<div style=\"text-align: left;\" align=\"center\"><strong><span style=\"color: #000000;\"><a style=\"color: #000000;\" href=\"http:\/\/www.defensoria.se.def.br\/wp-content\/uploads\/2012\/06\/1.-FORMUL\u00c1RIO-DE-RECURSO-2018-CONTRA-A-RELA\u00c7\u00c3O-PROVIS\u00d3RIA-DAS-INSCRI\u00c7\u00d5ES.pdf\">FORMUL\u00c1RIO DE RECURSO 2018 &#8211; CONTRA A RELA\u00c7\u00c3O PROVIS\u00d3RIA DAS INSCRI\u00c7\u00d5ES<\/a><\/span><\/strong><\/div>\n<div style=\"text-align: left;\" align=\"center\">\u00a0<\/div>\n<div style=\"text-align: left;\" align=\"center\"><strong><span style=\"color: #000000;\"><a style=\"color: #000000;\" href=\"http:\/\/www.defensoria.se.def.br\/wp-content\/uploads\/2012\/06\/5.-Edital-005.2018.CPSE-Rela\u00e7\u00e3o-Definitiva-das-Inscri\u00e7\u00f5es-com-os-Recursos-Apresentados.pdf\">Edital 005.2018.CPSE &#8211; Rela\u00e7\u00e3o Definitiva das Inscri\u00e7\u00f5es com os Recursos Apresentados<\/a><\/span><\/strong><\/div>\n<div style=\"text-align: left;\" align=\"center\">\u00a0<\/div>\n<div style=\"text-align: left;\" align=\"center\"><strong><span style=\"color: #000000;\"><a style=\"color: #000000;\" href=\"http:\/\/www.defensoria.se.def.br\/wp-content\/uploads\/2018\/01\/4.-Edital-004.2018.CPSE-Rela\u00e7\u00e3o-Provis\u00f3ria-das-Inscri\u00e7\u00f5es-e-Prazo-Recursal.pdf\">Edital 004.2018.CPSE &#8211; Rela\u00e7\u00e3o Provis\u00f3ria das Inscri\u00e7\u00f5es e Prazo Recursal<\/a><\/span><\/strong><\/div>\n<div align=\"center\">\u00a0<\/div>\n<div style=\"text-align: left;\" align=\"center\"><span style=\"color: #000000;\"><strong><a style=\"color: #000000;\" href=\"http:\/\/www.defensoria.se.def.br\/wp-content\/uploads\/2012\/06\/Edital-003.2018.CPSE-Reabertura-das-Inscri\u00e7\u00f5es.pdf\">Edital 003.2018.CPSE &#8211; Reabertura das Inscri\u00e7\u00f5es<\/a><\/strong><\/span><\/div>\n<p>&nbsp;<\/p>\n<p><strong><span style=\"color: #000000;\"><a style=\"color: #000000;\" href=\"http:\/\/www.defensoria.se.def.br\/wp-content\/uploads\/2012\/06\/Errata-de-Edital-n.\u00ba-001.2018.CPSE-Altera\u00e7\u00e3o-do-Conte\u00fado-Program\u00e1tico.pdf\">Errata de Edital n.\u00ba 001.2018.CPSE &#8211; Altera\u00e7\u00e3o do Conte\u00fado Program\u00e1tico<\/a><\/span><\/strong><\/p>\n<p>&nbsp;<\/p>\n<p><span style=\"color: #ff0000;\"><strong><a style=\"color: #ff0000;\" href=\"http:\/\/www.defensoria.se.def.br\/wp-content\/uploads\/2012\/06\/Edital-002.2018.CPSE-Altera\u00e7\u00e3o-de-Data-das-Provas.pdf\">Edital 002.2018.CPSE &#8211; Altera\u00e7\u00e3o de Data das Provas<\/a><\/strong><\/span><\/p>\n<p>&nbsp;<\/p>\n<p><strong><span style=\"color: #000000;\"><a style=\"color: #000000;\" href=\"http:\/\/www.defensoria.se.def.br\/wp-content\/uploads\/2018\/09\/Edital-001.2018.CPSE-Abertura-de-Processo-Seletivo1.pdf\">Edital 001.2018.CPSE &#8211; Abertura de Processo Seletivo<\/a><\/span><\/strong><\/p>\n<p>&nbsp;<\/p>\n<p><span style=\"color: #000000;\"><a style=\"color: #000000;\" href=\"http:\/\/www.defensoria.se.def.br\/?page_id=18447\"><strong>Editais de convoca\u00e7\u00e3o <\/strong><\/a><\/span><\/p>\n<p>&nbsp;<\/p>\n<hr \/>\n<h3 style=\"text-align: left;\">\u00a0<\/h3>\n<h3 style=\"text-align: left;\"><span style=\"color: #000000;\"><strong>Ano: 2017<\/strong><\/span><\/h3>\n<p><span style=\"color: #000000;\"><a style=\"color: #000000;\" href=\"http:\/\/www.defensoria.se.def.br\/?page_id=17473\"><strong>Editais de Processo Seletivo em Andamento<\/strong><\/a><\/span><\/p>\n<p> <span style=\"color: #000000;\"><a style=\"color: #000000;\" href=\"http:\/\/www.defensoria.se.def.br\/?page_id=17481\"><strong>Editais de Processos Seletivos Anteriores<\/strong><\/a><\/span><\/p>\n<p> <span style=\"color: #000000;\"><a style=\"color: #000000;\" href=\"http:\/\/www.defensoria.se.def.br\/?page_id=17475\"><strong>Editais de Convoca\u00e7\u00e3o<\/strong><\/a><\/span><\/p>\n<p>&nbsp;<\/p>\n<hr \/>\n<h3 style=\"text-align: left;\">\u00a0<\/h3>\n<h3 style=\"text-align: left;\"><span style=\"color: #000000;\"><strong><span style=\"font-size: medium; background-color: #ffffff;\"><a style=\"color: #000000;\" href=\"http:\/\/www.defensoria.se.def.br\/?page_id=12418\">ANO: 2016<\/a><\/span><\/strong><\/span><\/h3>\n<h3 style=\"text-align: left;\"><span style=\"color: #000000;\"><strong><span style=\"font-size: medium; background-color: #ffffff;\"><a style=\"color: #000000;\" href=\"http:\/\/www.defensoria.se.def.br\/?page_id=10618\">ANO: 2015<\/a><\/span><\/strong><\/span><\/h3>\n<h3 style=\"text-align: left;\"><span style=\"color: #000000;\"><strong><span style=\"font-size: medium; background-color: #ffffff;\"><a style=\"color: #000000;\" href=\"http:\/\/www.defensoria.se.def.br\/?page_id=10378\">ANO: 2014\/2015<\/a><\/span><\/strong><\/span><\/h3>\n<h3 style=\"text-align: left;\"><span style=\"color: #000000;\"><strong><span style=\"font-size: medium;\"><a style=\"color: #000000;\" href=\"http:\/\/www.defensoria.se.def.br\/?page_id=10384\">ANO: 2013<\/a><\/span> \u00a0 \u00a0<\/strong><\/span><\/h3>\n<p>&nbsp;<\/p>\n<p><a href=\"http:\/\/www.defensoria.se.def.br\/?page_id=21826\">Novo Pagina<\/a><\/p>\n","protected":false},"excerpt":{"rendered":"<p>EST\u00c1GIO \u00a0 Clique nos links abaixo para acessar as informa\u00e7\u00f5es \u00a0 Ano: 2019 &nbsp; Editais de convoca\u00e7\u00e3o \u00a0 Processo Seletivo Simplificado &#8211; Sim\u00e3o Dias &nbsp; Ano: 2018 &nbsp; Termo de Homologa\u00e7\u00e3o &#8211; Processo Seletivo 2018 &nbsp; Edital 009.2018.CPSE &#8211; Classifica\u00e7\u00e3o Definitiva &nbsp; Edital 008.2018.CPSE &#8211; Classifica\u00e7\u00e3o Provis\u00f3ria e Prazo Recursal &nbsp; FORMUL\u00c1RIO DE RECURSO 2018 &hellip;<\/p>\n<p class=\"read-more\"> <a class=\"\" href=\"https:\/\/www.defensoria.se.def.br\/?page_id=447\"> <span class=\"screen-reader-text\">Est\u00e1gio<\/span> Read More &raquo;<\/a><\/p>\n","protected":false},"author":1,"featured_media":0,"parent":444,"menu_order":0,"comment_status":"closed","ping_status":"closed","template":"","meta":{"_eb_attr":"","_uag_custom_page_level_css":"","site-sidebar-layout":"default","site-content-layout":"","ast-site-content-layout":"","site-content-style":"default","site-sidebar-style":"default","ast-global-header-display":"","ast-banner-title-visibility":"","ast-main-header-display":"","ast-hfb-above-header-display":"","ast-hfb-below-header-display":"","ast-hfb-mobile-header-display":"","site-post-title":"","ast-breadcrumbs-content":"","ast-featured-img":"","footer-sml-layout":"","theme-transparent-header-meta":"","adv-header-id-meta":"","stick-header-meta":"","header-above-stick-meta":"","header-main-stick-meta":"","header-below-stick-meta":"","astra-migrate-meta-layouts":"","footnotes":""},"class_list":["post-447","page","type-page","status-publish","hentry"],"uagb_featured_image_src":{"full":false,"thumbnail":false,"medium":false,"medium_large":false,"large":false,"1536x1536":false,"2048x2048":false},"uagb_author_info":{"display_name":"admin","author_link":"https:\/\/www.defensoria.se.def.br\/?author=1"},"uagb_comment_info":0,"uagb_excerpt":"EST\u00c1GIO \u00a0 Clique nos links abaixo para acessar as informa\u00e7\u00f5es \u00a0 Ano: 2019 &nbsp; Editais de convoca\u00e7\u00e3o \u00a0 Processo Seletivo Simplificado &#8211; Sim\u00e3o Dias &nbsp; Ano: 2018 &nbsp; Termo de Homologa\u00e7\u00e3o &#8211; Processo Seletivo 2018 &nbsp; Edital 009.2018.CPSE &#8211; Classifica\u00e7\u00e3o Definitiva &nbsp; Edital 008.2018.CPSE &#8211; Classifica\u00e7\u00e3o Provis\u00f3ria e Prazo Recursal &nbsp; FORMUL\u00c1RIO DE RECURSO 2018&hellip;","_links":{"self":[{"href":"https:\/\/www.defensoria.se.def.br\/index.php?rest_route=\/wp\/v2\/pages\/447"}],"collection":[{"href":"https:\/\/www.defensoria.se.def.br\/index.php?rest_route=\/wp\/v2\/pages"}],"about":[{"href":"https:\/\/www.defensoria.se.def.br\/index.php?rest_route=\/wp\/v2\/types\/page"}],"author":[{"embeddable":true,"href":"https:\/\/www.defensoria.se.def.br\/index.php?rest_route=\/wp\/v2\/users\/1"}],"replies":[{"embeddable":true,"href":"https:\/\/www.defensoria.se.def.br\/index.php?rest_route=%2Fwp%2Fv2%2Fcomments&post=447"}],"version-history":[{"count":162,"href":"https:\/\/www.defensoria.se.def.br\/index.php?rest_route=\/wp\/v2\/pages\/447\/revisions"}],"predecessor-version":[{"id":22362,"href":"https:\/\/www.defensoria.se.def.br\/index.php?rest_route=\/wp\/v2\/pages\/447\/revisions\/22362"}],"up":[{"embeddable":true,"href":"https:\/\/www.defensoria.se.def.br\/index.php?rest_route=\/wp\/v2\/pages\/444"}],"wp:attachment":[{"href":"https:\/\/www.defensoria.se.def.br\/index.php?rest_route=%2Fwp%2Fv2%2Fmedia&parent=447"}],"curies":[{"name":"wp","href":"https:\/\/api.w.org\/{rel}","templated":true}]}}