{"id":49638,"date":"2026-02-23T10:47:20","date_gmt":"2026-02-23T13:47:20","guid":{"rendered":"https:\/\/www.defensoria.se.def.br\/?page_id=49638"},"modified":"2026-04-13T09:31:34","modified_gmt":"2026-04-13T12:31:34","slug":"fases-do-processo-seletivo-no-28","status":"publish","type":"page","link":"https:\/\/www.defensoria.se.def.br\/?page_id=49638","title":{"rendered":"Fases do Processo Seletivo N\u00ba 29"},"content":{"rendered":"\n<p><br><\/p>\n\n\n\n<h1 class=\"wp-block-heading has-text-align-center has-ast-global-color-0-color has-text-color has-link-color wp-elements-eedf321186e0b6d5be4e90910468a094\"><strong>Fases do Processo Seletivo N\u00ba 29<\/strong><\/h1>\n\n\n\n<p><br><\/p>\n\n\n\n<figure class=\"wp-block-table aligncenter is-style-stripes has-medium-font-size\" style=\"margin-right:0;margin-left:0;padding-right:0;padding-left:0\"><table class=\"has-border-color has-ast-global-color-0-border-color\" style=\"border-width:1px\"><tbody><tr><td class=\"has-text-align-left\" data-align=\"left\"><a href=\"https:\/\/www.defensoria.se.def.br\/wp-content\/uploads\/2026\/02\/1.0-29o-PSE-Edital-n.o-001.2026.CPSE-Abertura.pdf\" target=\"_blank\" rel=\"noreferrer noopener\">1.0 &#8211; 29\u00ba PSE Edital n\u00ba 001.2026.CPSE &#8211; Abertura<\/a><\/td><td class=\"has-text-align-center\" data-align=\"center\"><strong>Publica\u00e7\u00e3o 23\/02\/2026<\/strong><\/td><\/tr><tr><td class=\"has-text-align-left\" data-align=\"left\"><a href=\"https:\/\/www.defensoria.se.def.br\/wp-content\/uploads\/2026\/03\/2.0-29o-PSE-Edital-n.o-002.2026.CPSE-Lista-provisoria-das-inscricoes-deferidas-e-prazo-de-recurso.pdf\" data-type=\"attachment\" data-id=\"49910\" target=\"_blank\" rel=\"noreferrer noopener\">2.0 \u2013 29\u00ba PSE \u2013 Edital n.\u00ba 002.2026.CPSE \u2013 Lista provis\u00f3ria das inscri\u00e7\u00f5es deferidas e prazo de recurso<\/a><\/td><td class=\"has-text-align-center\" data-align=\"center\"><strong>Publica\u00e7\u00e3o 18\/03\/2026<\/strong><\/td><\/tr><tr><td class=\"has-text-align-left\" data-align=\"left\"><a href=\"https:\/\/www.defensoria.se.def.br\/wp-content\/uploads\/2026\/03\/2.1-29o-Processo-Seletivo-Formulario-de-recurso-contra-a-lista-provisoria-das-inscricoes-deferidas.docx\" data-type=\"attachment\" data-id=\"49911\" target=\"_blank\" rel=\"noreferrer noopener\">2.1 \u2013 29\u00ba Processo Seletivo \u2013 Formul\u00e1rio de recurso contra a lista provis\u00f3ria das inscri\u00e7\u00f5es deferidas<\/a><\/td><td class=\"has-text-align-center\" data-align=\"center\"><strong>Publica\u00e7\u00e3o 18\/03\/2026<\/strong><\/td><\/tr><tr><td class=\"has-text-align-left\" data-align=\"left\"><a href=\"https:\/\/www.defensoria.se.def.br\/wp-content\/uploads\/2026\/03\/3.0-29o-PSE-Edital-n.o-003.2026.CPSE-Lista-definitiva-das-inscricoes-deferidas-resultado-dos-recursos-e-convocacao-para-a-heretoridentificacao.docx.pdf\" target=\"_blank\" rel=\"noreferrer noopener\">3.0 &#8211; 29\u00ba PSE Edital n\u00ba 003.2026.CPSE &#8211; Lista definitiva das inscri\u00e7\u00f5es deferidas resultado dos recursos e convoca\u00e7\u00e3o para a heretoridentifica\u00e7\u00e3o<\/a><\/td><td class=\"has-text-align-center\" data-align=\"center\"><strong>Publica\u00e7\u00e3o 23\/03\/2026<\/strong><\/td><\/tr><tr><td class=\"has-text-align-left\" data-align=\"left\"><a href=\"https:\/\/www.defensoria.se.def.br\/wp-content\/uploads\/2026\/03\/4.0-29o-PSE-Edital-n.o-004.2026.CPSE-Alteracao-do-cronograma-de-execucao-antecipacao-de-datas.pdf\" target=\"_blank\" rel=\"noreferrer noopener\">4.0 &#8211; 29\u00ba PSE Edital n\u00ba 004.2026.CPSE &#8211; Altera\u00e7\u00e3o do cronograma de execu\u00e7\u00e3o antecipa\u00e7\u00e3o de datas<\/a><\/td><td class=\"has-text-align-center\" data-align=\"center\"><strong>Publica\u00e7\u00e3o 26\/03\/2026<\/strong><\/td><\/tr><tr><td class=\"has-text-align-left\" data-align=\"left\"><a href=\"https:\/\/www.defensoria.se.def.br\/wp-content\/uploads\/2026\/03\/5.0-29o-PSE-Edital-n.o-005.2026.CPSE-Classificacao-provisoria-com-a-analise-das-vagas-reservadas-e-prazo-de-recurso.pdf\" target=\"_blank\" rel=\"noreferrer noopener\">5.0 &#8211; 29 &#8211; PSE Edital n 005.2026.CPSE &#8211; Classifica\u00e7\u00e3o provis\u00f3ria com a an\u00e1lise das vagas reservadas e prazo de recurso<\/a><\/td><td class=\"has-text-align-center\" data-align=\"center\"><strong>Publica\u00e7\u00e3o 27\/03\/2026<\/strong><\/td><\/tr><tr><td class=\"has-text-align-left\" data-align=\"left\"><a href=\"https:\/\/www.defensoria.se.def.br\/wp-content\/uploads\/2026\/03\/5.1-29o-Processo-Seletivo-Formulario-de-recurso-contra-a-classificacao-provisoria-e-a-analise-das-vagas-reservadas.docx\" target=\"_blank\" rel=\"noreferrer noopener\">5.1 &#8211; 29 Processo Seletivo &#8211; Formul\u00e1rio de recurso contra a classifica\u00e7\u00e3o provis\u00f3ria e a an\u00e1lise das vagas reservadas<\/a><\/td><td class=\"has-text-align-center\" data-align=\"center\"><strong>Publica\u00e7\u00e3o 27\/03\/2026<\/strong><\/td><\/tr><tr><td class=\"has-text-align-left\" data-align=\"left\"><a href=\"https:\/\/www.defensoria.se.def.br\/wp-content\/uploads\/2026\/03\/6.0-29o-PSE-Edital-n.o-006.2026.CPSE-Classificacao-definitiva-resultados-dos-recursos-e-homologacao.pdf\" target=\"_blank\" rel=\"noreferrer noopener\">6.0 &#8211; 29\u00ba -PSE Edital n\u00ba 006.2026. CPSE &#8211; Classifica\u00e7\u00e3o definitiva resultados dos recursos e homologa\u00e7\u00e3o<\/a><\/td><td class=\"has-text-align-center\" data-align=\"center\"><strong>Publica\u00e7\u00e3o 31\/03\/2026<\/strong><\/td><\/tr><\/tbody><\/table><\/figure>\n\n\n\n<p><\/p>\n\n\n\n<p><br><br><\/p>\n\n\n\n<p><\/p>\n\n\n\n<p><br><br><\/p>\n","protected":false},"excerpt":{"rendered":"<p>Fases do Processo Seletivo N\u00ba 29 1.0 &#8211; 29\u00ba PSE Edital n\u00ba 001.2026.CPSE &#8211; Abertura Publica\u00e7\u00e3o 23\/02\/2026 2.0 \u2013 29\u00ba PSE \u2013 Edital n.\u00ba 002.2026.CPSE \u2013 Lista provis\u00f3ria das inscri\u00e7\u00f5es deferidas e prazo de recurso Publica\u00e7\u00e3o 18\/03\/2026 2.1 \u2013 29\u00ba Processo Seletivo \u2013 Formul\u00e1rio de recurso contra a lista provis\u00f3ria das inscri\u00e7\u00f5es deferidas Publica\u00e7\u00e3o 18\/03\/2026 &hellip;<\/p>\n<p class=\"read-more\"> <a class=\"\" href=\"https:\/\/www.defensoria.se.def.br\/?page_id=49638\"> <span class=\"screen-reader-text\">Fases do Processo Seletivo N\u00ba 29<\/span> Read More &raquo;<\/a><\/p>\n","protected":false},"author":17,"featured_media":0,"parent":49615,"menu_order":0,"comment_status":"closed","ping_status":"closed","template":"","meta":{"_eb_attr":"","_uag_custom_page_level_css":"","site-sidebar-layout":"default","site-content-layout":"","ast-site-content-layout":"","site-content-style":"default","site-sidebar-style":"default","ast-global-header-display":"","ast-banner-title-visibility":"","ast-main-header-display":"","ast-hfb-above-header-display":"","ast-hfb-below-header-display":"","ast-hfb-mobile-header-display":"","site-post-title":"","ast-breadcrumbs-content":"","ast-featured-img":"","footer-sml-layout":"","theme-transparent-header-meta":"","adv-header-id-meta":"","stick-header-meta":"","header-above-stick-meta":"","header-main-stick-meta":"","header-below-stick-meta":"","astra-migrate-meta-layouts":"","footnotes":""},"class_list":["post-49638","page","type-page","status-publish","hentry"],"uagb_featured_image_src":{"full":false,"thumbnail":false,"medium":false,"medium_large":false,"large":false,"1536x1536":false,"2048x2048":false},"uagb_author_info":{"display_name":"Sillas Muritiba","author_link":"https:\/\/www.defensoria.se.def.br\/?author=17"},"uagb_comment_info":0,"uagb_excerpt":"Fases do Processo Seletivo N\u00ba 29 1.0 &#8211; 29\u00ba PSE Edital n\u00ba 001.2026.CPSE &#8211; Abertura Publica\u00e7\u00e3o 23\/02\/2026 2.0 \u2013 29\u00ba PSE \u2013 Edital n.\u00ba 002.2026.CPSE \u2013 Lista provis\u00f3ria das inscri\u00e7\u00f5es deferidas e prazo de recurso Publica\u00e7\u00e3o 18\/03\/2026 2.1 \u2013 29\u00ba Processo Seletivo \u2013 Formul\u00e1rio de recurso contra a lista provis\u00f3ria das inscri\u00e7\u00f5es deferidas Publica\u00e7\u00e3o 18\/03\/2026&hellip;","_links":{"self":[{"href":"https:\/\/www.defensoria.se.def.br\/index.php?rest_route=\/wp\/v2\/pages\/49638"}],"collection":[{"href":"https:\/\/www.defensoria.se.def.br\/index.php?rest_route=\/wp\/v2\/pages"}],"about":[{"href":"https:\/\/www.defensoria.se.def.br\/index.php?rest_route=\/wp\/v2\/types\/page"}],"author":[{"embeddable":true,"href":"https:\/\/www.defensoria.se.def.br\/index.php?rest_route=\/wp\/v2\/users\/17"}],"replies":[{"embeddable":true,"href":"https:\/\/www.defensoria.se.def.br\/index.php?rest_route=%2Fwp%2Fv2%2Fcomments&post=49638"}],"version-history":[{"count":16,"href":"https:\/\/www.defensoria.se.def.br\/index.php?rest_route=\/wp\/v2\/pages\/49638\/revisions"}],"predecessor-version":[{"id":50243,"href":"https:\/\/www.defensoria.se.def.br\/index.php?rest_route=\/wp\/v2\/pages\/49638\/revisions\/50243"}],"up":[{"embeddable":true,"href":"https:\/\/www.defensoria.se.def.br\/index.php?rest_route=\/wp\/v2\/pages\/49615"}],"wp:attachment":[{"href":"https:\/\/www.defensoria.se.def.br\/index.php?rest_route=%2Fwp%2Fv2%2Fmedia&parent=49638"}],"curies":[{"name":"wp","href":"https:\/\/api.w.org\/{rel}","templated":true}]}}